{"id":1934,"date":"2022-11-04T14:44:17","date_gmt":"2022-11-04T13:44:17","guid":{"rendered":"https:\/\/www.bthuus.de\/hizmetlerimiz\/bakim\/"},"modified":"2023-07-11T12:04:57","modified_gmt":"2023-07-11T10:04:57","slug":"bakim","status":"publish","type":"page","link":"https:\/\/www.bthuus.de\/tr\/hizmetlerimiz\/bakim\/","title":{"rendered":"Bak\u0131m"},"content":{"rendered":"\n<div class=\"wp-block-group has-global-color-6-background-color has-background\"><div class=\"wp-block-group__inner-container is-layout-constrained wp-block-group-is-layout-constrained\">\n<h2 class=\"wp-block-heading\">Genel bak\u0131m teklifleri<\/h2>\n\n\n\n<p>1 Ocak 2015&#8217;ten bu yana, bak\u0131ma muhta\u00e7 t\u00fcm sigortal\u0131 ki\u015filer, o zamana kadar yaln\u0131zca \u00f6nemli \u00f6l\u00e7\u00fcde s\u0131n\u0131rl\u0131 g\u00fcnl\u00fck becerilere (demans) sahip sigortal\u0131 ki\u015filer i\u00e7in mevcut olan <strong>ek bak\u0131m ve yard\u0131m hizmetlerinden yararlanma hakk\u0131na sahiptir<\/strong> . Art\u0131k bu hizmetler, bak\u0131m tekliflerinin yan\u0131 s\u0131ra <strong>yard\u0131m hizmetleri (\u00f6rn. ev hizmetleri, ula\u015f\u0131m hizmetleri vb.)<\/strong> i\u00e7in de kullan\u0131labilir.<\/p>\n\n\n\n<p>\u00d6zellikle destek s\u00f6z konusu oldu\u011funda, \u00e7al\u0131\u015fanlar\u0131m\u0131z aras\u0131ndaki fikir al\u0131\u015fveri\u015fi \u00e7ok \u00f6nemlidir. Ekibimizin \u00e7e\u015fitli ve farkl\u0131 nitelikleri dikkat \u00e7ekicidir.  <strong>T\u00fcm denetleyici \u00e7al\u0131\u015fanlar\u0131m\u0131z, \u00a745 SGB&#8217;ye g\u00f6re bunun i\u00e7in \u00f6zel olarak kalifiyedir.<\/strong><\/p>\n\n\n\n<div class=\"wp-block-buttons is-layout-flex wp-block-buttons-is-layout-flex\">\n<div class=\"wp-block-button has-custom-width wp-block-button__width-100\"><a class=\"wp-block-button__link wp-element-button\" href=\"https:\/\/www.bthuus.de\/tr\/hakkimizda\/\" style=\"border-radius:0px\">Ekip hakk\u0131nda daha fazla bilgi edinin<\/a><\/div>\n<\/div>\n<\/div><\/div>\n\n<div style=\"height:50px\" aria-hidden=\"true\" class=\"wp-block-spacer no-mobile\"><\/div>\n\n<div class=\"wp-block-group has-global-color-6-background-color has-background\"><div class=\"wp-block-group__inner-container is-layout-constrained wp-block-group-is-layout-constrained\">\n<h2 class=\"wp-block-heading\">demansl\u0131 insanlara bak\u0131m<\/h2>\n\n\n\n<p>Almanya&#8217;da, bunama hastas\u0131 olan her \u00fc\u00e7 ki\u015fiden yakla\u015f\u0131k ikisi \u015fu anda kendi d\u00f6rt duvarlar\u0131 aras\u0131nda ya\u015f\u0131yor. Bu say\u0131, \u00e7o\u011fu insan\u0131n ya\u015fl\u0131l\u0131kta tan\u0131d\u0131k \u00e7evrelerinde kalma arzusunu yans\u0131t\u0131yor.<\/p>\n\n\n\n<p>Demans ne kadar ilerlerse, en basit aktiviteler bile o kadar zorla\u015f\u0131r. Giyinirken hatalar oluyor, sabah tuvaleti eskisinden daha uzun s\u00fcr\u00fcyor ve postaneye giden yol bir labirente benziyor.<br\/>\u0130nsanlar\u0131n kendilerine yard\u0131m etmelerine yard\u0131mc\u0131 olmak bizim slogan\u0131m\u0131zd\u0131r. Demans\u0131 olan ki\u015filerin daha uzun s\u00fcre ba\u011f\u0131ms\u0131z kalmas\u0131na yard\u0131mc\u0131 olur.<br\/>\u00d6zel olarak e\u011fitilmi\u015f bak\u0131c\u0131lar\u0131m\u0131z, demanstan muzdarip insanlara g\u00fcnl\u00fck ya\u015famlar\u0131nda rehberlik eder.<\/p>\n\n\n\n<p>Bak\u0131m teklifleri \u00f6rne\u011fin \u015funlar\u0131 i\u00e7erir:<\/p>\n\n\n\n<ul class=\"wp-block-list\">\n<li>haf\u0131za e\u011fitimi<\/li>\n\n\n\n<li>oyunlar<\/li>\n\n\n\n<li>Ortak ev i\u015fi<\/li>\n\n\n\n<li>y\u00fcr\u00fcy\u00fc\u015fleri<\/li>\n\n\n\n<li>Yetkili makamlara, doktorlara vb. e\u015flik eden geziler<\/li>\n<\/ul>\n<\/div><\/div>\n\n<div style=\"height:50px\" aria-hidden=\"true\" class=\"wp-block-spacer no-mobile\"><\/div>\n\n<div data-aos-delay=\"1000\" data-aos-duration=\"1500\" data-aos-once=\"true\" data-aos=\"fade-up\" class=\"wp-block-group has-global-color-6-background-color has-background\"><div class=\"wp-block-group__inner-container is-layout-constrained wp-block-group-is-layout-constrained\">\n<h2 class=\"wp-block-heading\">Yard\u0131m etmekten mutluluk duyar\u0131z!<\/h2>\n\n\n\n<p>Kapsaml\u0131 g\u00f6r\u00fc\u015fmelerden sonra, <strong>ihtiya\u00e7lar\u0131n\u0131za en uygun \u015fekilde uyarlanm\u0131\u015f<\/strong> , sizinle birlikte <strong>bireysel bir konsept<\/strong> \u00fczerinde \u00e7al\u0131\u015faca\u011f\u0131z.<\/p>\n\n\n\n<p>Ayakta tedavi a\u00e7\u0131s\u0131ndan <strong>birbirini tan\u0131mak i\u00e7in yap\u0131lan ki\u015fisel g\u00f6r\u00fc\u015fme<\/strong> vazge\u00e7ilmezdir. Bizimle bir konu\u015fma ayarlamaktan \u00e7ekinmeyin!<\/p>\n\n\n\n<div class=\"wp-block-buttons is-layout-flex wp-block-buttons-is-layout-flex\">\n<div class=\"wp-block-button has-custom-width wp-block-button__width-100\"><a class=\"wp-block-button__link wp-element-button\" href=\"tel:04316473730\" style=\"border-radius:0px\" target=\"_blank\" rel=\"noreferrer noopener\">\u2192 ara<\/a><\/div>\n\n\n\n<div class=\"wp-block-button has-custom-width wp-block-button__width-100\"><a class=\"wp-block-button__link wp-element-button\" href=\"https:\/\/www.bthuus.de\/tr\/temas-etmek\/#formular\" style=\"border-radius:0px\">ileti\u015fim formu<\/a><\/div>\n\n\n\n<div class=\"wp-block-button has-custom-width wp-block-button__width-100\"><a class=\"wp-block-button__link wp-element-button\" href=\"mailto:info@bthuus.de\" style=\"border-radius:0px\" target=\"_blank\" rel=\"noreferrer noopener\">\u2192 Bir e-posta yaz\u0131n<\/a><\/div>\n<\/div>\n<\/div><\/div>\n","protected":false},"excerpt":{"rendered":"<p>Genel bak\u0131m teklifleri 1 Ocak 2015&#8217;ten bu yana, bak\u0131ma muhta\u00e7 t\u00fcm sigortal\u0131 ki\u015filer, o zamana kadar yaln\u0131zca \u00f6nemli \u00f6l\u00e7\u00fcde s\u0131n\u0131rl\u0131 g\u00fcnl\u00fck becerilere (demans) sahip sigortal\u0131 ki\u015filer i\u00e7in mevcut olan ek bak\u0131m ve yard\u0131m hizmetlerinden yararlanma hakk\u0131na sahiptir . Art\u0131k bu hizmetler, bak\u0131m tekliflerinin yan\u0131 s\u0131ra yard\u0131m hizmetleri (\u00f6rn. ev hizmetleri, ula\u015f\u0131m hizmetleri vb.) i\u00e7in de &#8230; <\/p>\n<p class=\"read-more-container\"><a title=\"Bak\u0131m\" class=\"read-more button\" href=\"https:\/\/www.bthuus.de\/tr\/hizmetlerimiz\/bakim\/#more-1934\" aria-label=\"Read more about Bak\u0131m\">Read more<\/a><\/p>\n","protected":false},"author":1,"featured_media":0,"parent":1797,"menu_order":0,"comment_status":"closed","ping_status":"closed","template":"","meta":{"iawp_total_views":4,"footnotes":""},"class_list":{"0":"post-1934","1":"page","2":"type-page","3":"status-publish","5":"infinite-scroll-item"},"jetpack_sharing_enabled":true,"_links":{"self":[{"href":"https:\/\/www.bthuus.de\/tr\/wp-json\/wp\/v2\/pages\/1934","targetHints":{"allow":["GET"]}}],"collection":[{"href":"https:\/\/www.bthuus.de\/tr\/wp-json\/wp\/v2\/pages"}],"about":[{"href":"https:\/\/www.bthuus.de\/tr\/wp-json\/wp\/v2\/types\/page"}],"author":[{"embeddable":true,"href":"https:\/\/www.bthuus.de\/tr\/wp-json\/wp\/v2\/users\/1"}],"replies":[{"embeddable":true,"href":"https:\/\/www.bthuus.de\/tr\/wp-json\/wp\/v2\/comments?post=1934"}],"version-history":[{"count":0,"href":"https:\/\/www.bthuus.de\/tr\/wp-json\/wp\/v2\/pages\/1934\/revisions"}],"up":[{"embeddable":true,"href":"https:\/\/www.bthuus.de\/tr\/wp-json\/wp\/v2\/pages\/1797"}],"wp:attachment":[{"href":"https:\/\/www.bthuus.de\/tr\/wp-json\/wp\/v2\/media?parent=1934"}],"curies":[{"name":"wp","href":"https:\/\/api.w.org\/{rel}","templated":true}]}}

Bakım

<div class="wp-block-group has-global-color-6-background-color has-background"><div class="wp-block-group__inner-container is-layout-constrained wp-block-group-is-layout-constrained">
<h2 class="wp-block-heading">Genel bakım teklifleri</h2>



<p>1 Ocak 2015&#8217;ten bu yana, bakıma muhtaç tüm sigortalı kişiler, o zamana kadar yalnızca önemli ölçüde sınırlı günlük becerilere (demans) sahip sigortalı kişiler için mevcut olan <strong>ek bakım ve yardım hizmetlerinden yararlanma hakkına sahiptir</strong> . Artık bu hizmetler, bakım tekliflerinin yanı sıra <strong>yardım hizmetleri (örn. ev hizmetleri, ulaşım hizmetleri vb.)</strong> için de kullanılabilir.</p>



<p>Özellikle destek söz konusu olduğunda, çalışanlarımız arasındaki fikir alışverişi çok önemlidir. Ekibimizin çeşitli ve farklı nitelikleri dikkat çekicidir.  <strong>Tüm denetleyici çalışanlarımız, §45 SGB&#8217;ye göre bunun için özel olarak kalifiyedir.</strong></p>



<div class="wp-block-buttons is-layout-flex wp-block-buttons-is-layout-flex">
<div class="wp-block-button has-custom-width wp-block-button__width-100"><a class="wp-block-button__link wp-element-button" href="https://www.bthuus.de/tr/hakkimizda/" style="border-radius:0px">Ekip hakkında daha fazla bilgi edinin</a></div>
</div>
</div></div>

<div style="height:50px" aria-hidden="true" class="wp-block-spacer no-mobile"></div>

<div class="wp-block-group has-global-color-6-background-color has-background"><div class="wp-block-group__inner-container is-layout-constrained wp-block-group-is-layout-constrained">
<h2 class="wp-block-heading">demanslı insanlara bakım</h2>



<p>Almanya&#8217;da, bunama hastası olan her üç kişiden yaklaşık ikisi şu anda kendi dört duvarları arasında yaşıyor. Bu sayı, çoğu insanın yaşlılıkta tanıdık çevrelerinde kalma arzusunu yansıtıyor.</p>



<p>Demans ne kadar ilerlerse, en basit aktiviteler bile o kadar zorlaşır. Giyinirken hatalar oluyor, sabah tuvaleti eskisinden daha uzun sürüyor ve postaneye giden yol bir labirente benziyor.<br/>İnsanların kendilerine yardım etmelerine yardımcı olmak bizim sloganımızdır. Demansı olan kişilerin daha uzun süre bağımsız kalmasına yardımcı olur.<br/>Özel olarak eğitilmiş bakıcılarımız, demanstan muzdarip insanlara günlük yaşamlarında rehberlik eder.</p>



<p>Bakım teklifleri örneğin şunları içerir:</p>



<ul class="wp-block-list">
<li>hafıza eğitimi</li>



<li>oyunlar</li>



<li>Ortak ev işi</li>



<li>yürüyüşleri</li>



<li>Yetkili makamlara, doktorlara vb. eşlik eden geziler</li>
</ul>
</div></div>

<div style="height:50px" aria-hidden="true" class="wp-block-spacer no-mobile"></div>

<div data-aos-delay="1000" data-aos-duration="1500" data-aos-once="true" data-aos="fade-up" class="wp-block-group has-global-color-6-background-color has-background"><div class="wp-block-group__inner-container is-layout-constrained wp-block-group-is-layout-constrained">
<h2 class="wp-block-heading">Yardım etmekten mutluluk duyarız!</h2>



<p>Kapsamlı görüşmelerden sonra, <strong>ihtiyaçlarınıza en uygun şekilde uyarlanmış</strong> , sizinle birlikte <strong>bireysel bir konsept</strong> üzerinde çalışacağız.</p>



<p>Ayakta tedavi açısından <strong>birbirini tanımak için yapılan kişisel görüşme</strong> vazgeçilmezdir. Bizimle bir konuşma ayarlamaktan çekinmeyin!</p>



<div class="wp-block-buttons is-layout-flex wp-block-buttons-is-layout-flex">
<div class="wp-block-button has-custom-width wp-block-button__width-100"><a class="wp-block-button__link wp-element-button" href="tel:04316473730" style="border-radius:0px" target="_blank" rel="noreferrer noopener">→ ara</a></div>



<div class="wp-block-button has-custom-width wp-block-button__width-100"><a class="wp-block-button__link wp-element-button" href="https://www.bthuus.de/tr/temas-etmek/#formular" style="border-radius:0px">iletişim formu</a></div>



<div class="wp-block-button has-custom-width wp-block-button__width-100"><a class="wp-block-button__link wp-element-button" href="mailto:info@bthuus.de" style="border-radius:0px" target="_blank" rel="noreferrer noopener">→ Bir e-posta yazın</a></div>
</div>
</div></div>

<p>Genel bakım teklifleri 1 Ocak 2015&#8217;ten bu yana, bakıma muhtaç tüm sigortalı kişiler, o zamana kadar yalnızca önemli ölçüde sınırlı günlük becerilere (demans) sahip sigortalı kişiler için mevcut olan ek bakım ve yardım hizmetlerinden yararlanma hakkına sahiptir . Artık bu hizmetler, bakım tekliflerinin yanı sıra yardım hizmetleri (örn. ev hizmetleri, ulaşım hizmetleri vb.) için de &#8230; </p>
<p class="read-more-container"><a title="Bakım" class="read-more button" href="https://www.bthuus.de/tr/hizmetlerimiz/bakim/#more-1934" aria-label="Read more about Bakım">Read more</a></p>
