{"id":2135,"date":"2023-01-08T17:01:32","date_gmt":"2023-01-08T16:01:32","guid":{"rendered":"https:\/\/www.bthuus.de\/nasze-uslugi\/opieka-paliatywna\/"},"modified":"2023-07-11T12:05:58","modified_gmt":"2023-07-11T10:05:58","slug":"opieka-paliatywna","status":"publish","type":"page","link":"https:\/\/www.bthuus.de\/pl\/nasze-uslugi\/opieka-paliatywna\/","title":{"rendered":"opieka paliatywna"},"content":{"rendered":"\n<div class=\"wp-block-group has-global-color-6-background-color has-background\"><div class=\"wp-block-group__inner-container is-layout-constrained wp-block-group-is-layout-constrained\">\n<h2 class=\"wp-block-heading\">Mo\u017cesz m\u00f3wi\u0107 o \u015bmierci<\/h2>\n\n\n\n<p>Nasza nazwa \u201eBliev to Huus\u201d oznacza \u201ezosta\u0144 w domu\u201d.  <strong>Od 1994 roku jedn\u0105 z najwa\u017cniejszych trosk naszego zespo\u0142u jest towarzyszenie Tobie lub Twoim bliskim, gdy umrzesz w znajomym \u015brodowisku.<\/strong>  Jeste\u015bmy oczywi\u015bcie dobrze i wszechstronnie przeszkoleni w tym zakresie.<\/p>\n\n\n\n<p>Prosz\u0119 skontaktuj si\u0119 z nami. Wtedy osobi\u015bcie doradzimy i porozmawiamy o wszystkich mo\u017cliwo\u015bciach godnego umierania w domu.<\/p>\n\n\n\n<p>Michael Burkel (kierownik us\u0142ugi piel\u0119gniarskiej)<\/p>\n\n\n\n<div class=\"wp-block-buttons is-layout-flex wp-block-buttons-is-layout-flex\">\n<div class=\"wp-block-button has-custom-width wp-block-button__width-100\"><a class=\"wp-block-button__link wp-element-button\" href=\"https:\/\/www.bthuus.de\/pl\/ogolna-ambulatoryjna-opieka-paliatywna-aapv\/\" style=\"border-radius:0px\">Og\u00f3lna ambulatoryjna opieka paliatywna (AAPV)<\/a><\/div>\n\n\n\n<div class=\"wp-block-button has-custom-width wp-block-button__width-100\"><a class=\"wp-block-button__link wp-element-button\" href=\"https:\/\/www.bthuus.de\/pl\/specjalistyczna-ambulatoryjna-opieka-paliatywna-sapv\/\" style=\"border-radius:0px\">Specjalistyczna ambulatoryjna opieka paliatywna (SAPV)<\/a><\/div>\n<\/div>\n<\/div><\/div>\n\n<div style=\"height:50px\" aria-hidden=\"true\" class=\"wp-block-spacer no-mobile\"><\/div>\n\n<div class=\"wp-block-group has-global-color-6-background-color has-background\"><div class=\"wp-block-group__inner-container is-layout-constrained wp-block-group-is-layout-constrained\">\n<h2 class=\"wp-block-heading\">Opieka paliatywna \u2013 co to jest?<\/h2>\n\n\n\n<p>S\u0142owo \u201epaliatywny\u201d pochodzi od \u0142aci\u0144skiego \u201epalliare\u201d, co oznacza \u201eotoczy\u0107\u201d lub \u201ezakry\u0107\u201d. Paliatywne pochodzi z \u0142aciny i oznacza \u201ekoj\u0105cy\u201d. Termin ten odnosi si\u0119 do <strong>wysi\u0142k\u00f3w zmierzaj\u0105cych do poprawy jako\u015bci \u017cycia pacjent\u00f3w z nieuleczalnymi chorobami i ograniczon\u0105 d\u0142ugo\u015bci\u0105 \u017cycia<\/strong> . W kontek\u015bcie opieki paliatywnej uwzgl\u0119dnia si\u0119 nie tylko dolegliwo\u015bci fizyczne, ale tak\u017ce <strong>stres psychospo\u0142eczny<\/strong> i <strong>potrzeby duchowe<\/strong> . Ponadto opieka obejmuje osobiste \u015brodowisko pacjenta. Celem opieki paliatywnej jest z\u0142agodzenie czynnik\u00f3w stresogennych oraz umo\u017cliwienie choremu <strong>\u017cycia i \u015bmierci w jak najbardziej niezale\u017cny spos\u00f3b w znajomym otoczeniu<\/strong> .<\/p>\n\n\n\n<p>Wa\u017cn\u0105 cech\u0105 opieki paliatywnej w przeciwie\u0144stwie do konwencjonalnej opieki ambulatoryjnej jest szczeg\u00f3lnie \u015bcis\u0142a <strong>wsp\u00f3\u0142praca specjalnie wykwalifikowanego personelu piel\u0119gniarskiego m.in. B. krewnych, lekarzy lub psycholog\u00f3w<\/strong> .<\/p>\n\n\n\n<p>Jako ambulatoryjna plac\u00f3wka opieku\u0144cza w Kilonii specjalizuj\u0105ca si\u0119 w og\u00f3lnej i specjalistycznej ambulatoryjnej opiece paliatywnej, mo\u017cemy odegra\u0107 wa\u017cn\u0105 rol\u0119 w opiece nad pacjentami z post\u0119puj\u0105c\u0105, nieuleczaln\u0105 chorob\u0105 i pom\u00f3c im pozosta\u0107 w domu jak najd\u0142u\u017cej w znajomym \u015brodowisku domowym.<\/p>\n<\/div><\/div>\n\n<div style=\"height:25px\" aria-hidden=\"true\" class=\"wp-block-spacer\"><\/div>\n\n<div data-aos-delay=\"1000\" data-aos-duration=\"1500\" data-aos-once=\"true\" data-aos=\"fade-up\" class=\"wp-block-group has-global-color-6-background-color has-background\"><div class=\"wp-block-group__inner-container is-layout-constrained wp-block-group-is-layout-constrained\">\n<h2 class=\"wp-block-heading\">Ch\u0119tnie pomo\u017cemy!<\/h2>\n\n\n\n<p>Po obszernych dyskusjach opracujemy z Pa\u0144stwem <strong>indywidualn\u0105 koncepcj\u0119<\/strong> , kt\u00f3ra b\u0119dzie <strong>optymalnie dostosowana do Pa\u0144stwa potrzeb<\/strong> .<\/p>\n\n\n\n<p><strong>Osobiste spotkanie w celu wzajemnego poznania<\/strong> jest niezast\u0105pione w przypadku opieki ambulatoryjnej. Zapraszamy do um\u00f3wienia si\u0119 z nami na rozmow\u0119!<\/p>\n\n\n\n<div class=\"wp-block-buttons is-layout-flex wp-block-buttons-is-layout-flex\">\n<div class=\"wp-block-button has-custom-width wp-block-button__width-100\"><a class=\"wp-block-button__link wp-element-button\" href=\"tel:04316473730\" style=\"border-radius:0px\" target=\"_blank\" rel=\"noreferrer noopener\">\u2192 Zadzwo\u0144<\/a><\/div>\n\n\n\n<div class=\"wp-block-button has-custom-width wp-block-button__width-100\"><a class=\"wp-block-button__link wp-element-button\" href=\"https:\/\/www.bthuus.de\/pl\/kontakt\/#formular\" style=\"border-radius:0px\">Aby skontaktowa\u0107 si\u0119 z formularzem<\/a><\/div>\n\n\n\n<div class=\"wp-block-button has-custom-width wp-block-button__width-100\"><a class=\"wp-block-button__link wp-element-button\" href=\"mailto:info@bthuus.de\" style=\"border-radius:0px\" target=\"_blank\" rel=\"noreferrer noopener\">\u2192 Napisz e-mail<\/a><\/div>\n<\/div>\n<\/div><\/div>\n","protected":false},"excerpt":{"rendered":"<p>Mo\u017cesz m\u00f3wi\u0107 o \u015bmierci Nasza nazwa \u201eBliev to Huus\u201d oznacza \u201ezosta\u0144 w domu\u201d. Od 1994 roku jedn\u0105 z najwa\u017cniejszych trosk naszego zespo\u0142u jest towarzyszenie Tobie lub Twoim bliskim, gdy umrzesz w znajomym \u015brodowisku. Jeste\u015bmy oczywi\u015bcie dobrze i wszechstronnie przeszkoleni w tym zakresie. Prosz\u0119 skontaktuj si\u0119 z nami. Wtedy osobi\u015bcie doradzimy i porozmawiamy o wszystkich mo\u017cliwo\u015bciach &#8230; <\/p>\n<p class=\"read-more-container\"><a title=\"opieka paliatywna\" class=\"read-more button\" href=\"https:\/\/www.bthuus.de\/pl\/nasze-uslugi\/opieka-paliatywna\/#more-2135\" aria-label=\"Dowiedz si\u0119 wi\u0119cej o opieka paliatywna\">Czytaj dalej<\/a><\/p>\n","protected":false},"author":1,"featured_media":0,"parent":1761,"menu_order":0,"comment_status":"closed","ping_status":"closed","template":"","meta":{"iawp_total_views":48,"footnotes":""},"class_list":{"0":"post-2135","1":"page","2":"type-page","3":"status-publish","5":"infinite-scroll-item"},"jetpack_sharing_enabled":true,"_links":{"self":[{"href":"https:\/\/www.bthuus.de\/pl\/wp-json\/wp\/v2\/pages\/2135","targetHints":{"allow":["GET"]}}],"collection":[{"href":"https:\/\/www.bthuus.de\/pl\/wp-json\/wp\/v2\/pages"}],"about":[{"href":"https:\/\/www.bthuus.de\/pl\/wp-json\/wp\/v2\/types\/page"}],"author":[{"embeddable":true,"href":"https:\/\/www.bthuus.de\/pl\/wp-json\/wp\/v2\/users\/1"}],"replies":[{"embeddable":true,"href":"https:\/\/www.bthuus.de\/pl\/wp-json\/wp\/v2\/comments?post=2135"}],"version-history":[{"count":0,"href":"https:\/\/www.bthuus.de\/pl\/wp-json\/wp\/v2\/pages\/2135\/revisions"}],"up":[{"embeddable":true,"href":"https:\/\/www.bthuus.de\/pl\/wp-json\/wp\/v2\/pages\/1761"}],"wp:attachment":[{"href":"https:\/\/www.bthuus.de\/pl\/wp-json\/wp\/v2\/media?parent=2135"}],"curies":[{"name":"wp","href":"https:\/\/api.w.org\/{rel}","templated":true}]}}

<div class="wp-block-group has-global-color-6-background-color has-background"><div class="wp-block-group__inner-container is-layout-constrained wp-block-group-is-layout-constrained">
<h2 class="wp-block-heading">Możesz mówić o śmierci</h2>



<p>Nasza nazwa „Bliev to Huus” oznacza „zostań w domu”.  <strong>Od 1994 roku jedną z najważniejszych trosk naszego zespołu jest towarzyszenie Tobie lub Twoim bliskim, gdy umrzesz w znajomym środowisku.</strong>  Jesteśmy oczywiście dobrze i wszechstronnie przeszkoleni w tym zakresie.</p>



<p>Proszę skontaktuj się z nami. Wtedy osobiście doradzimy i porozmawiamy o wszystkich możliwościach godnego umierania w domu.</p>



<p>Michael Burkel (kierownik usługi pielęgniarskiej)</p>



<div class="wp-block-buttons is-layout-flex wp-block-buttons-is-layout-flex">
<div class="wp-block-button has-custom-width wp-block-button__width-100"><a class="wp-block-button__link wp-element-button" href="https://www.bthuus.de/pl/ogolna-ambulatoryjna-opieka-paliatywna-aapv/" style="border-radius:0px">Ogólna ambulatoryjna opieka paliatywna (AAPV)</a></div>



<div class="wp-block-button has-custom-width wp-block-button__width-100"><a class="wp-block-button__link wp-element-button" href="https://www.bthuus.de/pl/specjalistyczna-ambulatoryjna-opieka-paliatywna-sapv/" style="border-radius:0px">Specjalistyczna ambulatoryjna opieka paliatywna (SAPV)</a></div>
</div>
</div></div>

<div style="height:50px" aria-hidden="true" class="wp-block-spacer no-mobile"></div>

<div class="wp-block-group has-global-color-6-background-color has-background"><div class="wp-block-group__inner-container is-layout-constrained wp-block-group-is-layout-constrained">
<h2 class="wp-block-heading">Opieka paliatywna – co to jest?</h2>



<p>Słowo „paliatywny” pochodzi od łacińskiego „palliare”, co oznacza „otoczyć” lub „zakryć”. Paliatywne pochodzi z łaciny i oznacza „kojący”. Termin ten odnosi się do <strong>wysiłków zmierzających do poprawy jakości życia pacjentów z nieuleczalnymi chorobami i ograniczoną długością życia</strong> . W kontekście opieki paliatywnej uwzględnia się nie tylko dolegliwości fizyczne, ale także <strong>stres psychospołeczny</strong> i <strong>potrzeby duchowe</strong> . Ponadto opieka obejmuje osobiste środowisko pacjenta. Celem opieki paliatywnej jest złagodzenie czynników stresogennych oraz umożliwienie choremu <strong>życia i śmierci w jak najbardziej niezależny sposób w znajomym otoczeniu</strong> .</p>



<p>Ważną cechą opieki paliatywnej w przeciwieństwie do konwencjonalnej opieki ambulatoryjnej jest szczególnie ścisła <strong>współpraca specjalnie wykwalifikowanego personelu pielęgniarskiego m.in. B. krewnych, lekarzy lub psychologów</strong> .</p>



<p>Jako ambulatoryjna placówka opiekuńcza w Kilonii specjalizująca się w ogólnej i specjalistycznej ambulatoryjnej opiece paliatywnej, możemy odegrać ważną rolę w opiece nad pacjentami z postępującą, nieuleczalną chorobą i pomóc im pozostać w domu jak najdłużej w znajomym środowisku domowym.</p>
</div></div>

<div style="height:25px" aria-hidden="true" class="wp-block-spacer"></div>

<div data-aos-delay="1000" data-aos-duration="1500" data-aos-once="true" data-aos="fade-up" class="wp-block-group has-global-color-6-background-color has-background"><div class="wp-block-group__inner-container is-layout-constrained wp-block-group-is-layout-constrained">
<h2 class="wp-block-heading">Chętnie pomożemy!</h2>



<p>Po obszernych dyskusjach opracujemy z Państwem <strong>indywidualną koncepcję</strong> , która będzie <strong>optymalnie dostosowana do Państwa potrzeb</strong> .</p>



<p><strong>Osobiste spotkanie w celu wzajemnego poznania</strong> jest niezastąpione w przypadku opieki ambulatoryjnej. Zapraszamy do umówienia się z nami na rozmowę!</p>



<div class="wp-block-buttons is-layout-flex wp-block-buttons-is-layout-flex">
<div class="wp-block-button has-custom-width wp-block-button__width-100"><a class="wp-block-button__link wp-element-button" href="tel:04316473730" style="border-radius:0px" target="_blank" rel="noreferrer noopener">→ Zadzwoń</a></div>



<div class="wp-block-button has-custom-width wp-block-button__width-100"><a class="wp-block-button__link wp-element-button" href="https://www.bthuus.de/pl/kontakt/#formular" style="border-radius:0px">Aby skontaktować się z formularzem</a></div>



<div class="wp-block-button has-custom-width wp-block-button__width-100"><a class="wp-block-button__link wp-element-button" href="mailto:info@bthuus.de" style="border-radius:0px" target="_blank" rel="noreferrer noopener">→ Napisz e-mail</a></div>
</div>
</div></div>

<p>Możesz mówić o śmierci Nasza nazwa „Bliev to Huus” oznacza „zostań w domu”. Od 1994 roku jedną z najważniejszych trosk naszego zespołu jest towarzyszenie Tobie lub Twoim bliskim, gdy umrzesz w znajomym środowisku. Jesteśmy oczywiście dobrze i wszechstronnie przeszkoleni w tym zakresie. Proszę skontaktuj się z nami. Wtedy osobiście doradzimy i porozmawiamy o wszystkich możliwościach &#8230; </p>
<p class="read-more-container"><a title="opieka paliatywna" class="read-more button" href="https://www.bthuus.de/pl/nasze-uslugi/opieka-paliatywna/#more-2135" aria-label="Dowiedz się więcej o opieka paliatywna">Czytaj dalej</a></p>
