{"id":1860,"date":"2022-11-04T14:40:38","date_gmt":"2022-11-04T13:40:38","guid":{"rendered":"https:\/\/www.bthuus.de\/o-nas\/filozofia\/"},"modified":"2023-07-11T12:04:18","modified_gmt":"2023-07-11T10:04:18","slug":"filozofia","status":"publish","type":"page","link":"https:\/\/www.bthuus.de\/pl\/ueber-uns\/filozofia\/","title":{"rendered":"filozofia"},"content":{"rendered":"\n<div class=\"wp-block-group has-global-color-6-background-color has-background\"><div class=\"wp-block-group__inner-container is-layout-constrained wp-block-group-is-layout-constrained\">\n<h2 class=\"wp-block-heading\">nasza filozofia<\/h2>\n\n\n\n<blockquote class=\"wp-block-quote has-medium-font-size is-layout-flow wp-block-quote-is-layout-flow\">\n<p>\u201e <em>Godno\u015b\u0107 cz\u0142owieka jest nienaruszalna\u201d.<\/em><\/p>\n<cite><em>(art. 1 niemieckiej ustawy zasadniczej)<\/em><\/cite><\/blockquote>\n\n\n\n<p>W centrum naszych dzia\u0142a\u0144 jest cz\u0142owiek w jego wyj\u0105tkowo\u015bci.<\/p>\n<\/div><\/div>\n\n<div style=\"height:50px\" aria-hidden=\"true\" class=\"wp-block-spacer no-mobile\"><\/div>\n\n<div class=\"wp-block-group has-global-color-6-background-color has-background\"><div class=\"wp-block-group__inner-container is-layout-constrained wp-block-group-is-layout-constrained\">\n<h2 class=\"wp-block-heading\">Nasza koncepcja piel\u0119gnacji<\/h2>\n\n\n\n<p>Rozumiemy ka\u017cdego z naszych pacjent\u00f3w<\/p>\n\n\n\n<ul class=\"wp-block-list\">\n<li>jako nierozerwalna jedno\u015b\u0107 cia\u0142a, umys\u0142u i duszy<\/li>\n\n\n\n<li>jako jednostka, kt\u00f3ra orientuje si\u0119 w dzia\u0142aniach \u017cyciowych<\/li>\n<\/ul>\n\n\n\n<p>Promocja zasob\u00f3w nast\u0119puje przed zast\u0119pczym przej\u0119ciem dzia\u0142a\u0144 i dzia\u0142a\u0144.<\/p>\n\n\n\n<ul class=\"wp-block-list\">\n<li>Traktujemy wszystkich z szacunkiem, <strong>bez wzgl\u0119du na wyznanie, p\u0142e\u0107, narodowo\u015b\u0107 i pochodzenie.<\/strong><\/li>\n\n\n\n<li>Chcemy zar\u00f3wno utrzyma\u0107, jak i promowa\u0107 jako\u015b\u0107 \u017cycia pacjenta\/klienta, a tym samym umo\u017cliwi\u0107 mu jak najd\u0142u\u017csze pozostanie w domu.<\/li>\n\n\n\n<li>Anga\u017cujemy pacjenta\/klienta i jego bliskich w decyzje piel\u0119gniarskie, uwzgl\u0119dniaj\u0105c dost\u0119pne zasoby.<\/li>\n\n\n\n<li>W <strong>atmosferze za\u017cy\u0142o\u015bci<\/strong> chcemy pozna\u0107 \u017cyczenia i potrzeby pacjenta oraz w miar\u0119 mo\u017cliwo\u015bci je spe\u0142ni\u0107.<\/li>\n\n\n\n<li>Towarzyszymy umieraj\u0105cym w domach i jeste\u015bmy przy nich i ich bliskich dzie\u0144 i noc. W zaufaniu wsp\u00f3\u0142pracujemy ze wszystkimi osobami zaanga\u017cowanymi w opiek\u0119 nad pacjentem\/klientem i sieciujemy nasze oferty. Dzi\u0119ki temu mo\u017cemy oferowa\u0107 opiek\u0119 domow\u0105, zaj\u0119cia rekreacyjne, jednodniowe wycieczki i opiek\u0119, towarzyszenie lekarzom i terapie z jednego \u017ar\u00f3d\u0142a.<\/li>\n\n\n\n<li>Cenimy wykwalifikowany personel i rozmieszczamy naszych pracownik\u00f3w zgodnie z ich umiej\u0119tno\u015bciami i kompetencjami.<\/li>\n\n\n\n<li>Dbamy o to, aby nasi pracownicy przechodzili regularne szkolenia i dokszta\u0142canie.<\/li>\n\n\n\n<li>D\u0105\u017cymy do wysokiej jako\u015bci opieki. Warunkiem tego jest praca zgodnie z zasadami procesu piel\u0119gnowania.<\/li>\n\n\n\n<li>Anga\u017cujemy pracownik\u00f3w w podejmowanie decyzji i zach\u0119camy ich do zg\u0142aszania pomys\u0142\u00f3w i sugestii.<\/li>\n\n\n\n<li>Zach\u0119camy do otwartej komunikacji, wspieramy si\u0119 nawzajem, akceptujemy nasze ograniczenia, nasze mocne i s\u0142abe strony. Dzi\u0119ki temu mo\u017cemy zagwarantowa\u0107 dobr\u0105 atmosfer\u0119 pracy.<\/li>\n<\/ul>\n<\/div><\/div>\n","protected":false},"excerpt":{"rendered":"<p>nasza filozofia \u201e Godno\u015b\u0107 cz\u0142owieka jest nienaruszalna\u201d. W centrum naszych dzia\u0142a\u0144 jest cz\u0142owiek w jego wyj\u0105tkowo\u015bci. Nasza koncepcja piel\u0119gnacji Rozumiemy ka\u017cdego z naszych pacjent\u00f3w Promocja zasob\u00f3w nast\u0119puje przed zast\u0119pczym przej\u0119ciem dzia\u0142a\u0144 i dzia\u0142a\u0144.<\/p>\n","protected":false},"author":1,"featured_media":0,"parent":1820,"menu_order":0,"comment_status":"closed","ping_status":"closed","template":"","meta":{"iawp_total_views":0,"footnotes":""},"class_list":{"0":"post-1860","1":"page","2":"type-page","3":"status-publish","5":"infinite-scroll-item"},"jetpack_sharing_enabled":true,"_links":{"self":[{"href":"https:\/\/www.bthuus.de\/pl\/wp-json\/wp\/v2\/pages\/1860","targetHints":{"allow":["GET"]}}],"collection":[{"href":"https:\/\/www.bthuus.de\/pl\/wp-json\/wp\/v2\/pages"}],"about":[{"href":"https:\/\/www.bthuus.de\/pl\/wp-json\/wp\/v2\/types\/page"}],"author":[{"embeddable":true,"href":"https:\/\/www.bthuus.de\/pl\/wp-json\/wp\/v2\/users\/1"}],"replies":[{"embeddable":true,"href":"https:\/\/www.bthuus.de\/pl\/wp-json\/wp\/v2\/comments?post=1860"}],"version-history":[{"count":0,"href":"https:\/\/www.bthuus.de\/pl\/wp-json\/wp\/v2\/pages\/1860\/revisions"}],"up":[{"embeddable":true,"href":"https:\/\/www.bthuus.de\/pl\/wp-json\/wp\/v2\/pages\/1820"}],"wp:attachment":[{"href":"https:\/\/www.bthuus.de\/pl\/wp-json\/wp\/v2\/media?parent=1860"}],"curies":[{"name":"wp","href":"https:\/\/api.w.org\/{rel}","templated":true}]}}

<div class="wp-block-group has-global-color-6-background-color has-background"><div class="wp-block-group__inner-container is-layout-constrained wp-block-group-is-layout-constrained">
<h2 class="wp-block-heading">nasza filozofia</h2>



<blockquote class="wp-block-quote has-medium-font-size is-layout-flow wp-block-quote-is-layout-flow">
<p>„ <em>Godność człowieka jest nienaruszalna”.</em></p>
<cite><em>(art. 1 niemieckiej ustawy zasadniczej)</em></cite></blockquote>



<p>W centrum naszych działań jest człowiek w jego wyjątkowości.</p>
</div></div>

<div style="height:50px" aria-hidden="true" class="wp-block-spacer no-mobile"></div>

<div class="wp-block-group has-global-color-6-background-color has-background"><div class="wp-block-group__inner-container is-layout-constrained wp-block-group-is-layout-constrained">
<h2 class="wp-block-heading">Nasza koncepcja pielęgnacji</h2>



<p>Rozumiemy każdego z naszych pacjentów</p>



<ul class="wp-block-list">
<li>jako nierozerwalna jedność ciała, umysłu i duszy</li>



<li>jako jednostka, która orientuje się w działaniach życiowych</li>
</ul>



<p>Promocja zasobów następuje przed zastępczym przejęciem działań i działań.</p>



<ul class="wp-block-list">
<li>Traktujemy wszystkich z szacunkiem, <strong>bez względu na wyznanie, płeć, narodowość i pochodzenie.</strong></li>



<li>Chcemy zarówno utrzymać, jak i promować jakość życia pacjenta/klienta, a tym samym umożliwić mu jak najdłuższe pozostanie w domu.</li>



<li>Angażujemy pacjenta/klienta i jego bliskich w decyzje pielęgniarskie, uwzględniając dostępne zasoby.</li>



<li>W <strong>atmosferze zażyłości</strong> chcemy poznać życzenia i potrzeby pacjenta oraz w miarę możliwości je spełnić.</li>



<li>Towarzyszymy umierającym w domach i jesteśmy przy nich i ich bliskich dzień i noc. W zaufaniu współpracujemy ze wszystkimi osobami zaangażowanymi w opiekę nad pacjentem/klientem i sieciujemy nasze oferty. Dzięki temu możemy oferować opiekę domową, zajęcia rekreacyjne, jednodniowe wycieczki i opiekę, towarzyszenie lekarzom i terapie z jednego źródła.</li>



<li>Cenimy wykwalifikowany personel i rozmieszczamy naszych pracowników zgodnie z ich umiejętnościami i kompetencjami.</li>



<li>Dbamy o to, aby nasi pracownicy przechodzili regularne szkolenia i dokształcanie.</li>



<li>Dążymy do wysokiej jakości opieki. Warunkiem tego jest praca zgodnie z zasadami procesu pielęgnowania.</li>



<li>Angażujemy pracowników w podejmowanie decyzji i zachęcamy ich do zgłaszania pomysłów i sugestii.</li>



<li>Zachęcamy do otwartej komunikacji, wspieramy się nawzajem, akceptujemy nasze ograniczenia, nasze mocne i słabe strony. Dzięki temu możemy zagwarantować dobrą atmosferę pracy.</li>
</ul>
</div></div>

<p>nasza filozofia „ Godność człowieka jest nienaruszalna”. W centrum naszych działań jest człowiek w jego wyjątkowości. Nasza koncepcja pielęgnacji Rozumiemy każdego z naszych pacjentów Promocja zasobów następuje przed zastępczym przejęciem działań i działań.</p>
