{"id":1910,"date":"2022-11-04T14:43:13","date_gmt":"2022-11-04T13:43:13","guid":{"rendered":"https:\/\/www.bthuus.de\/xizmeten-me\/xizmeten-navxweyi\/"},"modified":"2023-07-11T12:04:42","modified_gmt":"2023-07-11T10:04:42","slug":"xizmeten-navxweyi","status":"publish","type":"page","link":"https:\/\/www.bthuus.de\/ku\/xizmeten-me\/xizmeten-navxweyi\/","title":{"rendered":"xizmet\u00ean navxwey\u00ee"},"content":{"rendered":"\n<div class=\"wp-block-group has-global-color-6-background-color has-background\"><div class=\"wp-block-group__inner-container is-layout-constrained wp-block-group-is-layout-constrained\">\n<p>Dezgeha meya l\u00eanih\u00ear\u00eena mal\u00ea d\u00ea bi k\u00eafxwe\u015f\u00ee van ti\u015ftan ji we re bike:<\/p>\n\n\n\n<h2 class=\"wp-block-heading\">paqijkirina apartman\u00ea<\/h2>\n\n\n\n<p>Di nav de paqijkirina qatan, mob\u00eelya, pencere, ser\u015fok \u00fb metbex\u00ea \u00fb \u00e7\u00eakirina niv\u00eenan t\u00ea de heye.<\/p>\n\n\n\n<h2 class=\"wp-block-heading\">\u015eu\u015ftina cilan\/cil\u015f\u00fb\u015ftin\u00ea<\/h2>\n\n\n\n<p>Di v\u00ea navber\u00ea de dabe\u015fkirin \u00fb dabe\u015fkirina tekst\u00eel\u00ea, \u015fu\u015ftin, daliqandina wan, ut\u00eekirin, sererastkirin \u00fb veqetandina cil \u00fb berg\u00ean di dolab\u00ea de \u00fb \u00e7\u00eakirina niv\u00eenan e.<\/p>\n\n\n\n<h2 class=\"wp-block-heading\">Shopping<\/h2>\n\n\n\n<p>Kir\u00een di heman dem\u00ea de plansaziya kir\u00een\u00ea ji bo kir\u00eena xwarin, paqijkirin \u00fb hilber\u00ean l\u00eanih\u00ear\u00eena la\u015f j\u00ee vedigire.<\/p>\n\n\n\n<h2 class=\"wp-block-heading\">A\u015fbaz<\/h2>\n\n\n\n<p>Di \u00e7\u00eakirina xwarin\u00ea de amadekirin \u00fb amadekirina h\u00eaman\u00ean xwarin\u00ea \u00fb her weha amadekirina p\u00ea\u015fekek ji bo xwarina rast, li gor\u00ee temen \u00fb \u015fert \u00fb merc\u00ean jiyana we ye.<\/p>\n\n\n\n<h2 class=\"wp-block-heading\">Li gel bij\u00eejk \/ kar\u00fbbar\u00ean r\u00eaw\u00eetiy\u00ea<\/h2>\n\n\n\n<p>R\u00eazeya me ya kar\u00fbbar\u00ean navmal\u00ee di heman dem\u00ea de r\u00eaw\u00eetiy\u00ean bij\u00eejk an kar\u00fbbar\u00ean r\u00eaw\u00eetiy\u00ea y\u00ean din j\u00ee vedihew\u00eene.<\/p>\n\n\n\n<p>Ev xizmet dikarin wek\u00ee be\u015fek ji l\u00ean\u00ear\u00een\u00ea, wek\u00ee kar\u00fbbar\u00ean al\u00eekariy\u00ea li gor\u00ee \u00a7 45b SGB XI an wek\u00ee kar\u00fbbarek taybet werin bikar an\u00een.<\/p>\n<\/div><\/div>\n\n<div style=\"height:50px\" aria-hidden=\"true\" class=\"wp-block-spacer no-mobile\"><\/div>\n\n<div data-aos-delay=\"1000\" data-aos-duration=\"1500\" data-aos-once=\"true\" data-aos=\"fade-up\" class=\"wp-block-group has-global-color-6-background-color has-background\"><div class=\"wp-block-group__inner-container is-layout-constrained wp-block-group-is-layout-constrained\">\n<h2 class=\"wp-block-heading\">Em k\u00eafxwe\u015f in ku al\u00eekariy\u00ea bikin!<\/h2>\n\n\n\n<p>Pi\u015ft\u00ee n\u00eeqa\u015f\u00ean berfireh, em \u00ea bi we re <strong>konseptek kesane<\/strong> bixebitin, ku <strong>bi rengek \u00e7\u00eatir\u00een li gor\u00ee hewcedariy\u00ean we hat\u00ee \u00e7\u00eakirin<\/strong> .<\/p>\n\n\n\n<p><strong>Hevd\u00eetina kesane ya ji bo naskirina hev<\/strong> di war\u00ea l\u00ean\u00ear\u00eena dervey\u00ee nexwe\u015fan de b\u00ea guh\u00earbar e. Bi dilxwaz\u00ee \u200b\u200bbi me re dan\u00fbstendinek saz bikin!<\/p>\n\n\n\n<div class=\"wp-block-buttons is-layout-flex wp-block-buttons-is-layout-flex\">\n<div class=\"wp-block-button has-custom-width wp-block-button__width-100\"><a class=\"wp-block-button__link wp-element-button\" href=\"tel:04316473730\" style=\"border-radius:0px\" target=\"_blank\" rel=\"noreferrer noopener\">\u2192 Bang<\/a><\/div>\n\n\n\n<div class=\"wp-block-button has-custom-width wp-block-button__width-100\"><a class=\"wp-block-button__link wp-element-button\" href=\"https:\/\/www.bthuus.de\/ku\/tekeli\/#formular\" style=\"border-radius:0px\">Ji bo forma t\u00eakiliy\u00ea<\/a><\/div>\n\n\n\n<div class=\"wp-block-button has-custom-width wp-block-button__width-100\"><a class=\"wp-block-button__link wp-element-button\" href=\"mailto:info@bthuus.de\" style=\"border-radius:0px\" target=\"_blank\" rel=\"noreferrer noopener\">\u2192 E-nameyek biniv\u00eesin<\/a><\/div>\n<\/div>\n<\/div><\/div>\n","protected":false},"excerpt":{"rendered":"<p>Dezgeha meya l\u00eanih\u00ear\u00eena mal\u00ea d\u00ea bi k\u00eafxwe\u015f\u00ee van ti\u015ftan ji we re bike: paqijkirina apartman\u00ea Di nav de paqijkirina qatan, mob\u00eelya, pencere, ser\u015fok \u00fb metbex\u00ea \u00fb \u00e7\u00eakirina niv\u00eenan t\u00ea de heye. \u015eu\u015ftina cilan\/cil\u015f\u00fb\u015ftin\u00ea Di v\u00ea navber\u00ea de dabe\u015fkirin \u00fb dabe\u015fkirina tekst\u00eel\u00ea, \u015fu\u015ftin, daliqandina wan, ut\u00eekirin, sererastkirin \u00fb veqetandina cil \u00fb berg\u00ean di dolab\u00ea de \u00fb &#8230; <\/p>\n<p class=\"read-more-container\"><a title=\"xizmet\u00ean navxwey\u00ee\" class=\"read-more button\" href=\"https:\/\/www.bthuus.de\/ku\/xizmeten-me\/xizmeten-navxweyi\/#more-1910\" aria-label=\"Read more about xizmet\u00ean navxwey\u00ee\">Read more<\/a><\/p>\n","protected":false},"author":1,"featured_media":0,"parent":1837,"menu_order":0,"comment_status":"closed","ping_status":"closed","template":"","meta":{"iawp_total_views":0,"footnotes":""},"class_list":{"0":"post-1910","1":"page","2":"type-page","3":"status-publish","5":"infinite-scroll-item"},"jetpack_sharing_enabled":true,"_links":{"self":[{"href":"https:\/\/www.bthuus.de\/ku\/wp-json\/wp\/v2\/pages\/1910","targetHints":{"allow":["GET"]}}],"collection":[{"href":"https:\/\/www.bthuus.de\/ku\/wp-json\/wp\/v2\/pages"}],"about":[{"href":"https:\/\/www.bthuus.de\/ku\/wp-json\/wp\/v2\/types\/page"}],"author":[{"embeddable":true,"href":"https:\/\/www.bthuus.de\/ku\/wp-json\/wp\/v2\/users\/1"}],"replies":[{"embeddable":true,"href":"https:\/\/www.bthuus.de\/ku\/wp-json\/wp\/v2\/comments?post=1910"}],"version-history":[{"count":0,"href":"https:\/\/www.bthuus.de\/ku\/wp-json\/wp\/v2\/pages\/1910\/revisions"}],"up":[{"embeddable":true,"href":"https:\/\/www.bthuus.de\/ku\/wp-json\/wp\/v2\/pages\/1837"}],"wp:attachment":[{"href":"https:\/\/www.bthuus.de\/ku\/wp-json\/wp\/v2\/media?parent=1910"}],"curies":[{"name":"wp","href":"https:\/\/api.w.org\/{rel}","templated":true}]}}

xizmetên navxweyî

<div class="wp-block-group has-global-color-6-background-color has-background"><div class="wp-block-group__inner-container is-layout-constrained wp-block-group-is-layout-constrained">
<p>Dezgeha meya lênihêrîna malê dê bi kêfxweşî van tiştan ji we re bike:</p>



<h2 class="wp-block-heading">paqijkirina apartmanê</h2>



<p>Di nav de paqijkirina qatan, mobîlya, pencere, serşok û metbexê û çêkirina nivînan tê de heye.</p>



<h2 class="wp-block-heading">Şuştina cilan/cilşûştinê</h2>



<p>Di vê navberê de dabeşkirin û dabeşkirina tekstîlê, şuştin, daliqandina wan, utîkirin, sererastkirin û veqetandina cil û bergên di dolabê de û çêkirina nivînan e.</p>



<h2 class="wp-block-heading">Shopping</h2>



<p>Kirîn di heman demê de plansaziya kirînê ji bo kirîna xwarin, paqijkirin û hilberên lênihêrîna laş jî vedigire.</p>



<h2 class="wp-block-heading">Aşbaz</h2>



<p>Di çêkirina xwarinê de amadekirin û amadekirina hêmanên xwarinê û her weha amadekirina pêşekek ji bo xwarina rast, li gorî temen û şert û mercên jiyana we ye.</p>



<h2 class="wp-block-heading">Li gel bijîjk / karûbarên rêwîtiyê</h2>



<p>Rêzeya me ya karûbarên navmalî di heman demê de rêwîtiyên bijîjk an karûbarên rêwîtiyê yên din jî vedihewîne.</p>



<p>Ev xizmet dikarin wekî beşek ji lênêrînê, wekî karûbarên alîkariyê li gorî § 45b SGB XI an wekî karûbarek taybet werin bikar anîn.</p>
</div></div>

<div style="height:50px" aria-hidden="true" class="wp-block-spacer no-mobile"></div>

<div data-aos-delay="1000" data-aos-duration="1500" data-aos-once="true" data-aos="fade-up" class="wp-block-group has-global-color-6-background-color has-background"><div class="wp-block-group__inner-container is-layout-constrained wp-block-group-is-layout-constrained">
<h2 class="wp-block-heading">Em kêfxweş in ku alîkariyê bikin!</h2>



<p>Piştî nîqaşên berfireh, em ê bi we re <strong>konseptek kesane</strong> bixebitin, ku <strong>bi rengek çêtirîn li gorî hewcedariyên we hatî çêkirin</strong> .</p>



<p><strong>Hevdîtina kesane ya ji bo naskirina hev</strong> di warê lênêrîna derveyî nexweşan de bê guhêrbar e. Bi dilxwazî ​​bi me re danûstendinek saz bikin!</p>



<div class="wp-block-buttons is-layout-flex wp-block-buttons-is-layout-flex">
<div class="wp-block-button has-custom-width wp-block-button__width-100"><a class="wp-block-button__link wp-element-button" href="tel:04316473730" style="border-radius:0px" target="_blank" rel="noreferrer noopener">→ Bang</a></div>



<div class="wp-block-button has-custom-width wp-block-button__width-100"><a class="wp-block-button__link wp-element-button" href="https://www.bthuus.de/ku/tekeli/#formular" style="border-radius:0px">Ji bo forma têkiliyê</a></div>



<div class="wp-block-button has-custom-width wp-block-button__width-100"><a class="wp-block-button__link wp-element-button" href="mailto:info@bthuus.de" style="border-radius:0px" target="_blank" rel="noreferrer noopener">→ E-nameyek binivîsin</a></div>
</div>
</div></div>

<p>Dezgeha meya lênihêrîna malê dê bi kêfxweşî van tiştan ji we re bike: paqijkirina apartmanê Di nav de paqijkirina qatan, mobîlya, pencere, serşok û metbexê û çêkirina nivînan tê de heye. Şuştina cilan/cilşûştinê Di vê navberê de dabeşkirin û dabeşkirina tekstîlê, şuştin, daliqandina wan, utîkirin, sererastkirin û veqetandina cil û bergên di dolabê de û &#8230; </p>
<p class="read-more-container"><a title="xizmetên navxweyî" class="read-more button" href="https://www.bthuus.de/ku/xizmeten-me/xizmeten-navxweyi/#more-1910" aria-label="Read more about xizmetên navxweyî">Read more</a></p>
