{"id":2196,"date":"2022-08-26T13:38:49","date_gmt":"2022-08-26T11:38:49","guid":{"rendered":"https:\/\/www.bthuus.de\/protezione-dati\/"},"modified":"2023-07-11T12:19:07","modified_gmt":"2023-07-11T10:19:07","slug":"protezione-dati","status":"publish","type":"page","link":"https:\/\/www.bthuus.de\/it\/protezione-dati\/","title":{"rendered":"Protezione dati"},"content":{"rendered":"\n<p>Di seguito vi informiamo sulla raccolta e il trattamento dei dati personali durante l&#8217;utilizzo del nostro sito web.<\/p>\n\n<h2 class=\"wp-block-heading\">1. Informazioni generali e informazioni obbligatorie<\/h2>\n\n<p>protezione dati<br\/>Gli operatori di queste pagine prendono molto sul serio la protezione dei tuoi dati. Trattiamo i tuoi dati personali in modo confidenziale e in conformit\u00e0 con le disposizioni di legge sulla protezione dei dati e la presente dichiarazione sulla protezione dei dati.<\/p>\n\n<p>Vorremmo sottolineare che la trasmissione di dati su Internet (ad es. durante la comunicazione via e-mail) pu\u00f2 presentare lacune di sicurezza. Una protezione completa dei dati contro l&#8217;accesso da parte di terzi non \u00e8 possibile.<\/p>\n\n<p>Nota sull&#8217;ente responsabile<br\/>Il responsabile del trattamento dei dati su questo sito web \u00e8:<\/p>\n\n<p>Team di assistenza ambulatoriale &#8211; Bliev a Huus<br\/>Michael Burkel<\/p>\n\n<p>Telefono: 0431-6473730<br\/>Fax: 0431-6473731<br\/>E-mail: <a href=\"mailto:info@bthuus.de\">info@bthuus.de<\/a><\/p>\n\n<p><strong>Nota sul nostro responsabile della protezione dei dati<\/strong><br\/>Abbiamo nominato un responsabile della protezione dei dati aziendali. Puoi contattare il nostro responsabile della protezione dei dati ai seguenti recapiti:<\/p>\n\n<p>Responsabile della protezione dei dati<br\/>Torben Vulriede<br\/>Klopstockstr. 11<br\/>24103 Kiel<br\/>Telefono: 0431-64748448<br\/>E-mail: <a href=\"mailto:mail@dsb-nord.de\">mail@dsb-nord.de<\/a><br\/><a href=\"http:\/\/www.datenschutzbeauftragter-in-norddeutschland.de\/\">www.datenschutzbeauftragter-in-norddeutschland.de<\/a><\/p>\n\n<h2 class=\"wp-block-heading\">2. I tuoi diritti<\/h2>\n\n<p>Secondo la legge sulla protezione dei dati applicabile, in particolare secondo il Regolamento generale sulla protezione dei dati dell&#8217;UE (GDPR), l&#8217;interessato gode di ampi diritti nei confronti della persona responsabile per quanto riguarda il trattamento dei dati personali dell&#8217;utente, in merito ai quali vorremmo vorrei informarti di seguito. Hai il diritto:<\/p>\n\n<ul class=\"wp-block-list\">\n<li>richiedere informazioni sui dati personali da noi trattati ai sensi dell&#8217;articolo 15 del GDPR. In particolare, puoi ottenere informazioni sulle finalit\u00e0 del trattamento, le categorie di dati personali, le categorie di destinatari a cui i tuoi dati sono stati o saranno comunicati, il periodo di conservazione previsto, l&#8217;esistenza di un diritto di rettifica, cancellazione, limitazione del trattamento o opposizione, l&#8217;esistenza di un diritto di reclamo, di richiedere l&#8217;origine dei tuoi dati, se non raccolti da noi, e l&#8217;esistenza di un processo decisionale automatizzato inclusa la profilazione e, se necessario, informazioni significative sui loro dettagli;<\/li>\n\n\n\n<li>ai sensi dell&#8217;articolo 16 GDPR, di richiedere immediatamente la correzione di dati personali errati o incompleti da noi memorizzati;<\/li>\n\n\n\n<li>Ai sensi dell&#8217;articolo 17 del GDPR, richiedere la cancellazione dei dati personali da noi memorizzati, a meno che il trattamento non sia necessario per esercitare il diritto alla libert\u00e0 di espressione e di informazione, per adempiere a un obbligo legale, per motivi di interesse pubblico o per far valere, \u00e8 necessario esercitare o difendere un diritto in sede giudiziaria;<\/li>\n\n\n\n<li>ai sensi dell&#8217;articolo 18 GDPR di richiedere la limitazione del trattamento dei tuoi dati personali se contesti l&#8217;esattezza dei dati, il trattamento \u00e8 illecito, ma ti rifiuti di cancellarli e non abbiamo pi\u00f9 bisogno dei dati, ma li usi per far valere, esercitare o difendere un diritto in sede giudiziaria o vi siete opposti al trattamento ex Art. 21 GDPR;<\/li>\n\n\n\n<li>ai sensi dell&#8217;articolo 20 GDPR, di ricevere in un formato strutturato, comune e leggibile da dispositivo automatico i dati personali che ci avete fornito o di richiederne la trasmissione ad un altro responsabile;<\/li>\n\n\n\n<li>ai sensi dell&#8217;articolo 7 cpv. 3 GDPR di revocare in qualsiasi momento il consenso fornitoci. Di conseguenza, non siamo pi\u00f9 autorizzati a continuare il trattamento dei dati sulla base di questo consenso per il futuro e<\/li>\n\n\n\n<li>presentare reclamo a un&#8217;autorit\u00e0 di controllo ai sensi dell&#8217;articolo 77 del GDPR. Di norma, puoi rivolgerti all&#8217;autorit\u00e0 di vigilanza del tuo luogo di residenza o di lavoro abituale o alla nostra sede aziendale. Un elenco delle autorit\u00e0 di vigilanza e dei relativi recapiti \u00e8 disponibile al seguente link:<br\/><a href=\"https:\/\/www.bfdi.bund.de\/DE\/Infothek\/Anschriften_Links\/anschriften_links-node.html\">https:\/\/www.bfdi.bund.de\/DE\/Infothek\/Anschriften_Links\/anschriften_links-node.html<\/a> .<\/li>\n\n\n\n<li>Se i tuoi dati personali si basano su interessi legittimi ai sensi dell&#8217;articolo 6 capoverso 1 cpv. 1 pagina 1 lit. f DSGVO vengono elaborati, hai il diritto di opporti al trattamento dei tuoi dati personali in conformit\u00e0 con l&#8217;articolo 21 DSGVO, a condizione che vi siano motivi che derivano dalla tua situazione particolare o l&#8217;obiezione \u00e8 diretta contro la pubblicit\u00e0 diretta. In quest&#8217;ultimo caso, hai un diritto generale di opposizione, che attueremo senza specificare una situazione particolare. Se desideri esercitare il tuo diritto di revoca o opposizione, \u00e8 sufficiente un&#8217;e-mail a <a href=\"mailto:info@bthuus.de\">info@bthuus.de<\/a> .<\/li>\n<\/ul>\n\n<h2 class=\"wp-block-heading\">3. Raccolta dei dati durante la visita al nostro sito web<\/h2>\n\n<p><strong>a) File di registro del server<\/strong><br\/>Quando utilizzi il nostro sito web, raccogliamo i dati personali che il tuo browser trasmette al nostro server (i cosiddetti file di log del server). Quando visiti il \u200b\u200bnostro sito web, raccogliamo i seguenti dati che sono tecnicamente necessari per mostrarti il \u200b\u200bnostro sito web e per garantire stabilit\u00e0 e sicurezza:<\/p>\n\n<ul class=\"wp-block-list\">\n<li>indirizzo IP<\/li>\n\n\n\n<li>Data e ora della richiesta<\/li>\n\n\n\n<li>Differenza di fuso orario rispetto al Greenwich Mean Time (GMT)<\/li>\n\n\n\n<li>Contenuto della richiesta (pagina specifica)<\/li>\n\n\n\n<li>Stato di accesso\/codice di stato HTTP<\/li>\n\n\n\n<li>quantit\u00e0 di dati trasferiti<\/li>\n\n\n\n<li>Sito Web da cui proviene la richiesta<\/li>\n\n\n\n<li>browser<\/li>\n\n\n\n<li>Sistema operativo e sua interfaccia<\/li>\n\n\n\n<li>Lingua e versione del software del browser.<\/li>\n<\/ul>\n\n<p>La base giuridica per il trattamento dei dati \u00e8 l&#8217;articolo 6 par. 1 pagina 1 lit. f GDPR. Il nostro interesse legittimo deriva dalle finalit\u00e0 della raccolta dei dati sopra menzionate. In nessun caso utilizziamo i dati raccolti per trarre conclusioni sulla tua persona.<\/p>\n\n<p><strong>b) contatto via e-mail<\/strong><br\/>Se ci contatti via e-mail, i dati che fornisci (il tuo indirizzo e-mail, eventualmente il tuo nome e numero di telefono o altri dati forniti) saranno da noi conservati per rispondere alle tue domande. Cancelliamo i dati derivanti da questo contesto dopo che l&#8217;archiviazione non \u00e8 pi\u00f9 necessaria o limitiamo l&#8217;elaborazione se sussistono obblighi di archiviazione previsti dalla legge. Il trattamento dei dati allo scopo di contattarci avviene in conformit\u00e0 con l&#8217;articolo 6 par. 1 pagina 1 lit. a GDPR sulla base del tuo consenso volontario.<\/p>\n\n<p><strong>c) modulo di contatto<\/strong><\/p>\n\n<p>Nell&#8217;ambito dell&#8217;utilizzo del nostro modulo di contatto online, vengono raccolti determinati dati personali, il cui ambito \u00e8 visibile dalla maschera di immissione. Questi dati vengono memorizzati e utilizzati esclusivamente allo scopo di rispondere alla tua richiesta o per stabilire un contatto e l&#8217;amministrazione tecnica associata. La base legale per il trattamento di questi dati \u00e8 il nostro legittimo interesse a rispondere alla tua richiesta ai sensi dell&#8217;articolo 6 par. 1 lit. f GDPR. Se il tuo contatto \u00e8 finalizzato alla conclusione di un contratto, l&#8217;ulteriore base giuridica per il trattamento \u00e8 l&#8217;articolo 6 par. 1 lit. b GDPR. I tuoi dati saranno cancellati una volta elaborata la tua richiesta. Questo \u00e8 il caso se dalle circostanze si pu\u00f2 dedurre che i fatti in questione sono stati definitivamente chiariti e a condizione che non sussistano obblighi legali di conservazione contrari. Tutti i moduli di contatto sul nostro sito Web soddisfano i principi dell&#8217;assegnazione e dell&#8217;economia dei dati. Solo l&#8217;indirizzo e-mail \u00e8 un campo obbligatorio e viene utilizzato per contattarti. Tutti gli altri campi sono informazioni volontarie.<\/p>\n\n<h2 class=\"wp-block-heading\">4. Condivisione dei dati<\/h2>\n\n<p>I tuoi dati personali non saranno trasmessi a terzi per scopi diversi da quelli elencati di seguito o nella presente dichiarazione sulla protezione dei dati. Trasmettiamo i tuoi dati personali a terzi solo se:<\/p>\n\n<ul class=\"wp-block-list\">\n<li>Vostro ai sensi dell&#8217;articolo 6 cpv. 1 pagina 1 lit. a GDPR hanno dato il loro consenso esplicito,<\/li>\n\n\n\n<li>il trasferimento ai sensi dell&#8217;articolo 6 cpv. 1 pagina 1 lit. f DSGVO \u00e8 tenuto a far valere, esercitare o difendere diritti legali e non vi \u00e8 motivo di presumere che tu abbia un interesse legittimo prevalente a non divulgare i tuoi dati,<\/li>\n\n\n\n<li>nel caso in cui per il trasferimento ai sensi dell&#8217;articolo 6 cpv. 1 pagina 1 lit. c DSGVO esiste un obbligo legale, cos\u00ec come<\/li>\n\n\n\n<li>ci\u00f2 \u00e8 legalmente consentito e ai sensi dell&#8217;articolo 6 cpv. 1 pagina 1 lit. b GDPR \u00e8 necessario per l&#8217;elaborazione dei rapporti contrattuali con voi.<\/li>\n<\/ul>\n\n<h2 class=\"wp-block-heading\">5. Sicurezza dei dati<\/h2>\n\n<p>Questo sito utilizza la crittografia SSL o TLS per motivi di sicurezza e per proteggere la trasmissione dei contenuti. \u00c8 possibile riconoscere una connessione crittografata dal fatto che la riga dell&#8217;indirizzo del browser cambia da &#8220;http:\/\/&#8221; a &#8220;https:\/\/&#8221; e dal simbolo del lucchetto nella riga del browser. Se la crittografia SSL o TLS \u00e8 attivata, \u00e8 improbabile che i dati trasmessi possano essere letti da terzi.<\/p>\n\n<h2 class=\"wp-block-heading\">6. Soggetto a modifiche<\/h2>\n\n<p>Si prega di notare che ci riserviamo il diritto di adattare o modificare questa dichiarazione sulla protezione dei dati di volta in volta in conformit\u00e0 con le leggi applicabili.<\/p>\n\n<p><strong>Stato: luglio 2018<\/strong><\/p>\n\n<p>Fonte:<br\/>Responsabile della protezione dei dati<br\/>Torben Vulriede<br\/>Autostrada 4 di Amburgo<br\/>24114 Kiel<br\/>Telefono: 0431-64748448<br\/>E-mail: <a href=\"mailto:mail@dsb-nord.de\">mail@dsb-nord.de<\/a><br\/><a href=\"http:\/\/www.datenschutzbeauftragter-in-norddeutschland.de\/\">www.datenschutzbeauftragter-in-norddeutschland.de<\/a><\/p>\n","protected":false},"excerpt":{"rendered":"<p>Di seguito vi informiamo sulla raccolta e il trattamento dei dati personali durante l&#8217;utilizzo del nostro sito web. 1. Informazioni generali e informazioni obbligatorie protezione datiGli operatori di queste pagine prendono molto sul serio la protezione dei tuoi dati. Trattiamo i tuoi dati personali in modo confidenziale e in conformit\u00e0 con le disposizioni di legge &#8230; <\/p>\n<p class=\"read-more-container\"><a title=\"Protezione dati\" class=\"read-more button\" href=\"https:\/\/www.bthuus.de\/it\/protezione-dati\/#more-2196\" aria-label=\"Per saperne di pi\u00f9 su Protezione dati\">Leggi tutto<\/a><\/p>\n","protected":false},"author":1,"featured_media":0,"parent":0,"menu_order":0,"comment_status":"closed","ping_status":"closed","template":"","meta":{"iawp_total_views":0,"footnotes":""},"class_list":{"0":"post-2196","1":"page","2":"type-page","3":"status-publish","5":"infinite-scroll-item"},"jetpack_sharing_enabled":true,"_links":{"self":[{"href":"https:\/\/www.bthuus.de\/it\/wp-json\/wp\/v2\/pages\/2196","targetHints":{"allow":["GET"]}}],"collection":[{"href":"https:\/\/www.bthuus.de\/it\/wp-json\/wp\/v2\/pages"}],"about":[{"href":"https:\/\/www.bthuus.de\/it\/wp-json\/wp\/v2\/types\/page"}],"author":[{"embeddable":true,"href":"https:\/\/www.bthuus.de\/it\/wp-json\/wp\/v2\/users\/1"}],"replies":[{"embeddable":true,"href":"https:\/\/www.bthuus.de\/it\/wp-json\/wp\/v2\/comments?post=2196"}],"version-history":[{"count":0,"href":"https:\/\/www.bthuus.de\/it\/wp-json\/wp\/v2\/pages\/2196\/revisions"}],"wp:attachment":[{"href":"https:\/\/www.bthuus.de\/it\/wp-json\/wp\/v2\/media?parent=2196"}],"curies":[{"name":"wp","href":"https:\/\/api.w.org\/{rel}","templated":true}]}}

<p>Di seguito vi informiamo sulla raccolta e il trattamento dei dati personali durante l&#8217;utilizzo del nostro sito web.</p>

<h2 class="wp-block-heading">1. Informazioni generali e informazioni obbligatorie</h2>

<p>protezione dati<br/>Gli operatori di queste pagine prendono molto sul serio la protezione dei tuoi dati. Trattiamo i tuoi dati personali in modo confidenziale e in conformità con le disposizioni di legge sulla protezione dei dati e la presente dichiarazione sulla protezione dei dati.</p>

<p>Vorremmo sottolineare che la trasmissione di dati su Internet (ad es. durante la comunicazione via e-mail) può presentare lacune di sicurezza. Una protezione completa dei dati contro l&#8217;accesso da parte di terzi non è possibile.</p>

<p>Nota sull&#8217;ente responsabile<br/>Il responsabile del trattamento dei dati su questo sito web è:</p>

<p>Team di assistenza ambulatoriale &#8211; Bliev a Huus<br/>Michael Burkel</p>

<p>Telefono: 0431-6473730<br/>Fax: 0431-6473731<br/>E-mail: <a href="mailto:info@bthuus.de">info@bthuus.de</a></p>

<p><strong>Nota sul nostro responsabile della protezione dei dati</strong><br/>Abbiamo nominato un responsabile della protezione dei dati aziendali. Puoi contattare il nostro responsabile della protezione dei dati ai seguenti recapiti:</p>

<p>Responsabile della protezione dei dati<br/>Torben Vulriede<br/>Klopstockstr. 11<br/>24103 Kiel<br/>Telefono: 0431-64748448<br/>E-mail: <a href="mailto:mail@dsb-nord.de">mail@dsb-nord.de</a><br/><a href="http://www.datenschutzbeauftragter-in-norddeutschland.de/">www.datenschutzbeauftragter-in-norddeutschland.de</a></p>

<h2 class="wp-block-heading">2. I tuoi diritti</h2>

<p>Secondo la legge sulla protezione dei dati applicabile, in particolare secondo il Regolamento generale sulla protezione dei dati dell&#8217;UE (GDPR), l&#8217;interessato gode di ampi diritti nei confronti della persona responsabile per quanto riguarda il trattamento dei dati personali dell&#8217;utente, in merito ai quali vorremmo vorrei informarti di seguito. Hai il diritto:</p>

<ul class="wp-block-list">
<li>richiedere informazioni sui dati personali da noi trattati ai sensi dell&#8217;articolo 15 del GDPR. In particolare, puoi ottenere informazioni sulle finalità del trattamento, le categorie di dati personali, le categorie di destinatari a cui i tuoi dati sono stati o saranno comunicati, il periodo di conservazione previsto, l&#8217;esistenza di un diritto di rettifica, cancellazione, limitazione del trattamento o opposizione, l&#8217;esistenza di un diritto di reclamo, di richiedere l&#8217;origine dei tuoi dati, se non raccolti da noi, e l&#8217;esistenza di un processo decisionale automatizzato inclusa la profilazione e, se necessario, informazioni significative sui loro dettagli;</li>



<li>ai sensi dell&#8217;articolo 16 GDPR, di richiedere immediatamente la correzione di dati personali errati o incompleti da noi memorizzati;</li>



<li>Ai sensi dell&#8217;articolo 17 del GDPR, richiedere la cancellazione dei dati personali da noi memorizzati, a meno che il trattamento non sia necessario per esercitare il diritto alla libertà di espressione e di informazione, per adempiere a un obbligo legale, per motivi di interesse pubblico o per far valere, è necessario esercitare o difendere un diritto in sede giudiziaria;</li>



<li>ai sensi dell&#8217;articolo 18 GDPR di richiedere la limitazione del trattamento dei tuoi dati personali se contesti l&#8217;esattezza dei dati, il trattamento è illecito, ma ti rifiuti di cancellarli e non abbiamo più bisogno dei dati, ma li usi per far valere, esercitare o difendere un diritto in sede giudiziaria o vi siete opposti al trattamento ex Art. 21 GDPR;</li>



<li>ai sensi dell&#8217;articolo 20 GDPR, di ricevere in un formato strutturato, comune e leggibile da dispositivo automatico i dati personali che ci avete fornito o di richiederne la trasmissione ad un altro responsabile;</li>



<li>ai sensi dell&#8217;articolo 7 cpv. 3 GDPR di revocare in qualsiasi momento il consenso fornitoci. Di conseguenza, non siamo più autorizzati a continuare il trattamento dei dati sulla base di questo consenso per il futuro e</li>



<li>presentare reclamo a un&#8217;autorità di controllo ai sensi dell&#8217;articolo 77 del GDPR. Di norma, puoi rivolgerti all&#8217;autorità di vigilanza del tuo luogo di residenza o di lavoro abituale o alla nostra sede aziendale. Un elenco delle autorità di vigilanza e dei relativi recapiti è disponibile al seguente link:<br/><a href="https://www.bfdi.bund.de/DE/Infothek/Anschriften_Links/anschriften_links-node.html">https://www.bfdi.bund.de/DE/Infothek/Anschriften_Links/anschriften_links-node.html</a> .</li>



<li>Se i tuoi dati personali si basano su interessi legittimi ai sensi dell&#8217;articolo 6 capoverso 1 cpv. 1 pagina 1 lit. f DSGVO vengono elaborati, hai il diritto di opporti al trattamento dei tuoi dati personali in conformità con l&#8217;articolo 21 DSGVO, a condizione che vi siano motivi che derivano dalla tua situazione particolare o l&#8217;obiezione è diretta contro la pubblicità diretta. In quest&#8217;ultimo caso, hai un diritto generale di opposizione, che attueremo senza specificare una situazione particolare. Se desideri esercitare il tuo diritto di revoca o opposizione, è sufficiente un&#8217;e-mail a <a href="mailto:info@bthuus.de">info@bthuus.de</a> .</li>
</ul>

<h2 class="wp-block-heading">3. Raccolta dei dati durante la visita al nostro sito web</h2>

<p><strong>a) File di registro del server</strong><br/>Quando utilizzi il nostro sito web, raccogliamo i dati personali che il tuo browser trasmette al nostro server (i cosiddetti file di log del server). Quando visiti il ​​nostro sito web, raccogliamo i seguenti dati che sono tecnicamente necessari per mostrarti il ​​nostro sito web e per garantire stabilità e sicurezza:</p>

<ul class="wp-block-list">
<li>indirizzo IP</li>



<li>Data e ora della richiesta</li>



<li>Differenza di fuso orario rispetto al Greenwich Mean Time (GMT)</li>



<li>Contenuto della richiesta (pagina specifica)</li>



<li>Stato di accesso/codice di stato HTTP</li>



<li>quantità di dati trasferiti</li>



<li>Sito Web da cui proviene la richiesta</li>



<li>browser</li>



<li>Sistema operativo e sua interfaccia</li>



<li>Lingua e versione del software del browser.</li>
</ul>

<p>La base giuridica per il trattamento dei dati è l&#8217;articolo 6 par. 1 pagina 1 lit. f GDPR. Il nostro interesse legittimo deriva dalle finalità della raccolta dei dati sopra menzionate. In nessun caso utilizziamo i dati raccolti per trarre conclusioni sulla tua persona.</p>

<p><strong>b) contatto via e-mail</strong><br/>Se ci contatti via e-mail, i dati che fornisci (il tuo indirizzo e-mail, eventualmente il tuo nome e numero di telefono o altri dati forniti) saranno da noi conservati per rispondere alle tue domande. Cancelliamo i dati derivanti da questo contesto dopo che l&#8217;archiviazione non è più necessaria o limitiamo l&#8217;elaborazione se sussistono obblighi di archiviazione previsti dalla legge. Il trattamento dei dati allo scopo di contattarci avviene in conformità con l&#8217;articolo 6 par. 1 pagina 1 lit. a GDPR sulla base del tuo consenso volontario.</p>

<p><strong>c) modulo di contatto</strong></p>

<p>Nell&#8217;ambito dell&#8217;utilizzo del nostro modulo di contatto online, vengono raccolti determinati dati personali, il cui ambito è visibile dalla maschera di immissione. Questi dati vengono memorizzati e utilizzati esclusivamente allo scopo di rispondere alla tua richiesta o per stabilire un contatto e l&#8217;amministrazione tecnica associata. La base legale per il trattamento di questi dati è il nostro legittimo interesse a rispondere alla tua richiesta ai sensi dell&#8217;articolo 6 par. 1 lit. f GDPR. Se il tuo contatto è finalizzato alla conclusione di un contratto, l&#8217;ulteriore base giuridica per il trattamento è l&#8217;articolo 6 par. 1 lit. b GDPR. I tuoi dati saranno cancellati una volta elaborata la tua richiesta. Questo è il caso se dalle circostanze si può dedurre che i fatti in questione sono stati definitivamente chiariti e a condizione che non sussistano obblighi legali di conservazione contrari. Tutti i moduli di contatto sul nostro sito Web soddisfano i principi dell&#8217;assegnazione e dell&#8217;economia dei dati. Solo l&#8217;indirizzo e-mail è un campo obbligatorio e viene utilizzato per contattarti. Tutti gli altri campi sono informazioni volontarie.</p>

<h2 class="wp-block-heading">4. Condivisione dei dati</h2>

<p>I tuoi dati personali non saranno trasmessi a terzi per scopi diversi da quelli elencati di seguito o nella presente dichiarazione sulla protezione dei dati. Trasmettiamo i tuoi dati personali a terzi solo se:</p>

<ul class="wp-block-list">
<li>Vostro ai sensi dell&#8217;articolo 6 cpv. 1 pagina 1 lit. a GDPR hanno dato il loro consenso esplicito,</li>



<li>il trasferimento ai sensi dell&#8217;articolo 6 cpv. 1 pagina 1 lit. f DSGVO è tenuto a far valere, esercitare o difendere diritti legali e non vi è motivo di presumere che tu abbia un interesse legittimo prevalente a non divulgare i tuoi dati,</li>



<li>nel caso in cui per il trasferimento ai sensi dell&#8217;articolo 6 cpv. 1 pagina 1 lit. c DSGVO esiste un obbligo legale, così come</li>



<li>ciò è legalmente consentito e ai sensi dell&#8217;articolo 6 cpv. 1 pagina 1 lit. b GDPR è necessario per l&#8217;elaborazione dei rapporti contrattuali con voi.</li>
</ul>

<h2 class="wp-block-heading">5. Sicurezza dei dati</h2>

<p>Questo sito utilizza la crittografia SSL o TLS per motivi di sicurezza e per proteggere la trasmissione dei contenuti. È possibile riconoscere una connessione crittografata dal fatto che la riga dell&#8217;indirizzo del browser cambia da &#8220;http://&#8221; a &#8220;https://&#8221; e dal simbolo del lucchetto nella riga del browser. Se la crittografia SSL o TLS è attivata, è improbabile che i dati trasmessi possano essere letti da terzi.</p>

<h2 class="wp-block-heading">6. Soggetto a modifiche</h2>

<p>Si prega di notare che ci riserviamo il diritto di adattare o modificare questa dichiarazione sulla protezione dei dati di volta in volta in conformità con le leggi applicabili.</p>

<p><strong>Stato: luglio 2018</strong></p>

<p>Fonte:<br/>Responsabile della protezione dei dati<br/>Torben Vulriede<br/>Autostrada 4 di Amburgo<br/>24114 Kiel<br/>Telefono: 0431-64748448<br/>E-mail: <a href="mailto:mail@dsb-nord.de">mail@dsb-nord.de</a><br/><a href="http://www.datenschutzbeauftragter-in-norddeutschland.de/">www.datenschutzbeauftragter-in-norddeutschland.de</a></p>

<p>Di seguito vi informiamo sulla raccolta e il trattamento dei dati personali durante l&#8217;utilizzo del nostro sito web. 1. Informazioni generali e informazioni obbligatorie protezione datiGli operatori di queste pagine prendono molto sul serio la protezione dei tuoi dati. Trattiamo i tuoi dati personali in modo confidenziale e in conformità con le disposizioni di legge &#8230; </p>
<p class="read-more-container"><a title="Protezione dati" class="read-more button" href="https://www.bthuus.de/it/protezione-dati/#more-2196" aria-label="Per saperne di più su Protezione dati">Leggi tutto</a></p>
