{"id":1943,"date":"2022-11-04T14:00:00","date_gmt":"2022-11-04T13:00:00","guid":{"rendered":"https:\/\/www.bthuus.de\/lavori\/"},"modified":"2023-07-11T12:04:59","modified_gmt":"2023-07-11T10:04:59","slug":"lavori","status":"publish","type":"page","link":"https:\/\/www.bthuus.de\/it\/lavori\/","title":{"rendered":"lavori"},"content":{"rendered":"\n<div class=\"wp-block-group no-padding has-global-color-4-background-color has-background\"><div class=\"wp-block-group__inner-container is-layout-constrained wp-block-group-is-layout-constrained\">\n<h1 class=\"wp-block-heading\">Bliev to Huus \u00e8 alla ricerca di ottimi dipendenti!<\/h1>\n\n\n\n<div style=\"height:25px\" aria-hidden=\"true\" class=\"wp-block-spacer\"><\/div>\n\n\n\n<p>Hai una qualifica relativa all&#8217;argomento? Nessun problema. Siamo un team eterogeneo con molti background diversi. Non esitate a contattarci.<\/p>\n\n\n\n<h3 class=\"wp-block-heading has-global-color-1-color has-text-color\">Le cose pi\u00f9 importanti in breve:<\/h3>\n\n\n\n<div style=\"height:25px\" aria-hidden=\"true\" class=\"wp-block-spacer\"><\/div>\n\n\n\n<div class=\"wp-block-columns is-layout-flex wp-container-core-columns-is-layout-9d6595d7 wp-block-columns-is-layout-flex\">\n<div class=\"wp-block-column kachel has-global-color-6-background-color has-background is-layout-flow wp-block-column-is-layout-flow\" data-aos=\"fade-right\" data-aos-duration=\"500\" data-aos-once=\"true\">\n<h4 class=\"wp-block-heading has-global-color-1-color has-text-color\">1. Pagamento tariffario<\/h4>\n\n\n\n<p>Attribuiamo grande importanza alla remunerazione dei nostri dipendenti secondo il contratto collettivo di lavoro.<\/p>\n<\/div>\n\n\n\n<div class=\"wp-block-column kachel has-global-color-6-background-color has-background is-layout-flow wp-block-column-is-layout-flow\" data-aos=\"fade-left\" data-aos-delay=\"500\" data-aos-duration=\"500\" data-aos-once=\"true\">\n<h4 class=\"wp-block-heading has-global-color-1-color has-text-color\">2. Auto ad uso privato sopra<\/h4>\n\n\n\n<p>Da casa all&#8217;azienda, per poi proseguire da l\u00ec in auto. Il modo pi\u00f9 breve \u00e8 spesso il modo migliore &#8211; per tutti. Questo \u00e8 il motivo per cui i nostri dipendenti di solito possono portare a casa l&#8217;auto aziendale mentre si recano al lavoro. Si applica la regola dell&#8217;1% (per le auto elettriche 0,25%)<\/p>\n<\/div>\n<\/div>\n\n\n\n<div class=\"wp-block-columns is-layout-flex wp-container-core-columns-is-layout-9d6595d7 wp-block-columns-is-layout-flex\">\n<div class=\"wp-block-column kachel has-global-color-6-background-color has-background is-layout-flow wp-block-column-is-layout-flow\" data-aos=\"fade-right\" data-aos-duration=\"500\" data-aos-once=\"true\">\n<h4 class=\"wp-block-heading has-global-color-1-color has-text-color\">3. I bambini sono sacri per noi \/ compatibilit\u00e0 tra lavoro e famiglia<\/h4>\n\n\n\n<p>Nel nostro servizio di assistenza ambulatoriale, siamo felici se hai figli e ci sforziamo di adattare il tuo orario di lavoro in modo flessibile alle tue circostanze familiari.<\/p>\n<\/div>\n\n\n\n<div class=\"wp-block-column kachel has-global-color-6-background-color has-background is-layout-flow wp-block-column-is-layout-flow\" data-aos=\"fade-left\" data-aos-duration=\"500\" data-aos-once=\"true\">\n<h4 class=\"wp-block-heading has-global-color-1-color has-text-color\" style=\"text-transform:none\">4. Nessun doppio servizio<\/h4>\n\n\n\n<p>Sappiamo quanto sia estenuante il doppio dovere. Ecco perch\u00e9 cerchiamo di evitare il pi\u00f9 possibile il doppio dovere al fine di consentire ai nostri dipendenti di raggiungere un buon equilibrio tra lavoro e vita. Tuttavia, le eccezioni sono note per confermare la regola e in rari casi pu\u00f2 esserci un doppio dovere.<\/p>\n<\/div>\n<\/div>\n\n\n\n<div class=\"wp-block-columns is-layout-flex wp-container-core-columns-is-layout-9d6595d7 wp-block-columns-is-layout-flex\">\n<div class=\"wp-block-column kachel has-global-color-6-background-color has-background is-layout-flow wp-block-column-is-layout-flow\" data-aos=\"fade-right\" data-aos-duration=\"500\" data-aos-once=\"true\">\n<h4 class=\"wp-block-heading has-global-color-1-color has-text-color\">5. Buone opportunit\u00e0 di formazione e perfezionamento<\/h4>\n\n\n\n<p>Nel nostro servizio infermieristico ambulatoriale, offriamo una vasta gamma di ulteriori opportunit\u00e0 di formazione. Questi includono la formazione in cure palliative, un piano di formazione annuale e popolari corsi di primo soccorso con esercitazioni pratiche. Inoltre, offriamo anche corsi di formazione online che possono essere completati comodamente da casa.<\/p>\n<\/div>\n\n\n\n<div class=\"wp-block-column kachel has-global-color-6-background-color has-background is-layout-flow wp-block-column-is-layout-flow\" data-aos=\"fade-left\" data-aos-duration=\"500\" data-aos-once=\"true\">\n<h4 class=\"wp-block-heading has-global-color-1-color has-text-color\" style=\"text-transform:none\">6. Abilit\u00e0 sociali elevate, cooperazione riconoscente e comunicazione aperta<\/h4>\n\n\n\n<p>Ci concentriamo su una comunicazione aperta, elevate abilit\u00e0 sociali e cooperazione riconoscente. Attribuiamo grande importanza all&#8217;ascolto dei problemi e alla promozione di una comunicazione di apprezzamento in tutto il team.<\/p>\n<\/div>\n<\/div>\n\n\n\n<div class=\"wp-block-columns is-layout-flex wp-container-core-columns-is-layout-9d6595d7 wp-block-columns-is-layout-flex\">\n<div class=\"wp-block-column kachel has-global-color-6-background-color has-background is-layout-flow wp-block-column-is-layout-flow\" data-aos=\"fade-right\" data-aos-duration=\"500\" data-aos-once=\"true\">\n<h4 class=\"wp-block-heading has-global-color-1-color has-text-color\">7. Forte spirito di squadra<\/h4>\n\n\n\n<p>C&#8217;\u00e8 un forte senso di solidariet\u00e0 nel nostro team. Ad esempio, festeggiamo insieme l&#8217;addio di un collega di lunga data che va in pensione e ci sosteniamo a vicenda riempiendo o scambiando i turni. Ci prendiamo anche abbastanza tempo per una formazione approfondita per i nuovi dipendenti del team al fine di garantire un inizio senza intoppi.<\/p>\n<\/div>\n\n\n\n<div class=\"wp-block-column kachel has-global-color-6-background-color has-background is-layout-flow wp-block-column-is-layout-flow\" data-aos=\"fade-left\" data-aos-duration=\"500\" data-aos-once=\"true\">\n<h4 class=\"wp-block-heading has-global-color-1-color has-text-color\">8. Ci alleniamo!<\/h4>\n\n\n\n<p>In collaborazione con le scuole partner, offriamo una formazione infermieristica generale ben fondata per diventare uno specialista infermieristico. I nostri istruttori pratici dedicati supportano i tirocinanti durante le fasi di formazione pratica e assicurano un supporto professionale sulla strada per il completamento con successo. Con noi hai l&#8217;opportunit\u00e0 di completare una solida formazione in un ambiente di supporto e orientato al lavoro di squadra.<\/p>\n<\/div>\n<\/div>\n<\/div><\/div>\n\n<div class=\"wp-block-group no-padding has-global-color-4-background-color has-background\"><div class=\"wp-block-group__inner-container is-layout-constrained wp-block-group-is-layout-constrained\">\n<h2 class=\"wp-block-heading\">Al momento abbiamo le seguenti posizioni aperte:<\/h2>\n\n\n\n<div class=\"wp-block-query is-layout-flow wp-block-query-is-layout-flow\">\n<div class=\"wp-block-group has-global-color-6-background-color has-background\"><div class=\"wp-block-group__inner-container is-layout-flow wp-block-group-is-layout-flow\"><ul class=\"is-flex-container columns-2 wp-block-post-template is-layout-flow wp-block-post-template-is-layout-flow\"><li class=\"wp-block-post post-3254 stellenangebote type-stellenangebote status-publish hentry infinite-scroll-item\">\n<h2 class=\"wp-block-post-title\"><a href=\"https:\/\/www.bthuus.de\/it\/stellenangebote\/specialista-infermieristico-m-f-d-2\/\" target=\"_self\" >Specialista infermieristico (m\/f\/d)<\/a><\/h2>\n\n\n\n<div class=\"wp-block-post-excerpt\"><p class=\"wp-block-post-excerpt__excerpt\">Saremmo lieti se fossi interessato a supportare il nostro fantastico team come specialista infermieristico (m\/f\/d). Candidati online, via e-mail o per telefono.<\/p><p class=\"wp-block-post-excerpt__more-text\"><a class=\"wp-block-post-excerpt__more-link\" href=\"https:\/\/www.bthuus.de\/it\/stellenangebote\/specialista-infermieristico-m-f-d-2\/\">\u2192 <strong>Scopri di pi\u00f9 e fai domanda online<\/strong><\/a><\/p><\/div>\n<\/li><li class=\"wp-block-post post-2998 stellenangebote type-stellenangebote status-publish hentry infinite-scroll-item\">\n<h2 class=\"wp-block-post-title\"><a href=\"https:\/\/www.bthuus.de\/it\/stellenangebote\/assistente-infermieristico-m-f-d-2\/\" target=\"_self\" >Assistente infermieristico (m\/f\/d)<\/a><\/h2>\n\n\n\n<div class=\"wp-block-post-excerpt\"><p class=\"wp-block-post-excerpt__excerpt\">Chi siamo Unser ambulantes Pflegeteam Bliev to Huus gibt es seit mittlerweile fast 30 Jahren in Kiel. In dieser Zeit haben wir bereits sehr viel wertvolle Erfahrungen im Umgang mit unseren Kunden \u2013 aber auch im Umgang untereinander im Team \u2013 sammeln k\u00f6nnen. Uns liegt sehr viel an einem verst\u00e4ndnisvollen Umgang auf Augenh\u00f6he und wir<\/p><p class=\"wp-block-post-excerpt__more-text\"><a class=\"wp-block-post-excerpt__more-link\" href=\"https:\/\/www.bthuus.de\/it\/stellenangebote\/assistente-infermieristico-m-f-d-2\/\">\u2192 <strong>Scopri di pi\u00f9 e fai domanda online<\/strong><\/a><\/p><\/div>\n<\/li><li class=\"wp-block-post post-2611 stellenangebote type-stellenangebote status-publish hentry infinite-scroll-item\">\n<h2 class=\"wp-block-post-title\"><a href=\"https:\/\/www.bthuus.de\/it\/stellenangebote\/assistente-infermieristico-m-f-d\/\" target=\"_self\" >Assistente infermieristico (m\/f\/d)<\/a><\/h2>\n\n\n\n<div class=\"wp-block-post-excerpt\"><p class=\"wp-block-post-excerpt__excerpt\">Chi siamo Il nostro team di assistenza ambulatoriale Bliev to Huus \u00e8 a Kiel e Bredenbek da 28 anni. In questi 28 anni siamo gi\u00e0 stati in grado di acquisire molta preziosa esperienza nel trattare con i nostri clienti, ma anche nei rapporti reciproci nel team. Comprendere il trattamento a livello degli occhi \u00e8 molto<\/p><p class=\"wp-block-post-excerpt__more-text\"><a class=\"wp-block-post-excerpt__more-link\" href=\"https:\/\/www.bthuus.de\/it\/stellenangebote\/assistente-infermieristico-m-f-d\/\">\u2192 <strong>Scopri di pi\u00f9 e fai domanda online<\/strong><\/a><\/p><\/div>\n<\/li><\/ul><\/div><\/div>\n<\/div>\n<\/div><\/div>\n","protected":false},"excerpt":{"rendered":"<p>Bliev to Huus \u00e8 alla ricerca di ottimi dipendenti! Hai una qualifica relativa all&#8217;argomento? Nessun problema. Siamo un team eterogeneo con molti background diversi. Non esitate a contattarci. Le cose pi\u00f9 importanti in breve: 1. Pagamento tariffario Attribuiamo grande importanza alla remunerazione dei nostri dipendenti secondo il contratto collettivo di lavoro. 2. Auto ad uso &#8230; <\/p>\n<p class=\"read-more-container\"><a title=\"lavori\" class=\"read-more button\" href=\"https:\/\/www.bthuus.de\/it\/lavori\/#more-1943\" aria-label=\"Per saperne di pi\u00f9 su lavori\">Leggi tutto<\/a><\/p>\n","protected":false},"author":1,"featured_media":0,"parent":0,"menu_order":0,"comment_status":"closed","ping_status":"closed","template":"","meta":{"iawp_total_views":5,"footnotes":""},"class_list":{"0":"post-1943","1":"page","2":"type-page","3":"status-publish","5":"infinite-scroll-item"},"jetpack_sharing_enabled":true,"_links":{"self":[{"href":"https:\/\/www.bthuus.de\/it\/wp-json\/wp\/v2\/pages\/1943","targetHints":{"allow":["GET"]}}],"collection":[{"href":"https:\/\/www.bthuus.de\/it\/wp-json\/wp\/v2\/pages"}],"about":[{"href":"https:\/\/www.bthuus.de\/it\/wp-json\/wp\/v2\/types\/page"}],"author":[{"embeddable":true,"href":"https:\/\/www.bthuus.de\/it\/wp-json\/wp\/v2\/users\/1"}],"replies":[{"embeddable":true,"href":"https:\/\/www.bthuus.de\/it\/wp-json\/wp\/v2\/comments?post=1943"}],"version-history":[{"count":0,"href":"https:\/\/www.bthuus.de\/it\/wp-json\/wp\/v2\/pages\/1943\/revisions"}],"wp:attachment":[{"href":"https:\/\/www.bthuus.de\/it\/wp-json\/wp\/v2\/media?parent=1943"}],"curies":[{"name":"wp","href":"https:\/\/api.w.org\/{rel}","templated":true}]}}

<div class="wp-block-group no-padding has-global-color-4-background-color has-background"><div class="wp-block-group__inner-container is-layout-constrained wp-block-group-is-layout-constrained">
<h1 class="wp-block-heading">Bliev to Huus è alla ricerca di ottimi dipendenti!</h1>



<div style="height:25px" aria-hidden="true" class="wp-block-spacer"></div>



<p>Hai una qualifica relativa all&#8217;argomento? Nessun problema. Siamo un team eterogeneo con molti background diversi. Non esitate a contattarci.</p>



<h3 class="wp-block-heading has-global-color-1-color has-text-color">Le cose più importanti in breve:</h3>



<div style="height:25px" aria-hidden="true" class="wp-block-spacer"></div>



<div class="wp-block-columns is-layout-flex wp-container-core-columns-is-layout-9d6595d7 wp-block-columns-is-layout-flex">
<div class="wp-block-column kachel has-global-color-6-background-color has-background is-layout-flow wp-block-column-is-layout-flow" data-aos="fade-right" data-aos-duration="500" data-aos-once="true">
<h4 class="wp-block-heading has-global-color-1-color has-text-color">1. Pagamento tariffario</h4>



<p>Attribuiamo grande importanza alla remunerazione dei nostri dipendenti secondo il contratto collettivo di lavoro.</p>
</div>



<div class="wp-block-column kachel has-global-color-6-background-color has-background is-layout-flow wp-block-column-is-layout-flow" data-aos="fade-left" data-aos-delay="500" data-aos-duration="500" data-aos-once="true">
<h4 class="wp-block-heading has-global-color-1-color has-text-color">2. Auto ad uso privato sopra</h4>



<p>Da casa all&#8217;azienda, per poi proseguire da lì in auto. Il modo più breve è spesso il modo migliore &#8211; per tutti. Questo è il motivo per cui i nostri dipendenti di solito possono portare a casa l&#8217;auto aziendale mentre si recano al lavoro. Si applica la regola dell&#8217;1% (per le auto elettriche 0,25%)</p>
</div>
</div>



<div class="wp-block-columns is-layout-flex wp-container-core-columns-is-layout-9d6595d7 wp-block-columns-is-layout-flex">
<div class="wp-block-column kachel has-global-color-6-background-color has-background is-layout-flow wp-block-column-is-layout-flow" data-aos="fade-right" data-aos-duration="500" data-aos-once="true">
<h4 class="wp-block-heading has-global-color-1-color has-text-color">3. I bambini sono sacri per noi / compatibilità tra lavoro e famiglia</h4>



<p>Nel nostro servizio di assistenza ambulatoriale, siamo felici se hai figli e ci sforziamo di adattare il tuo orario di lavoro in modo flessibile alle tue circostanze familiari.</p>
</div>



<div class="wp-block-column kachel has-global-color-6-background-color has-background is-layout-flow wp-block-column-is-layout-flow" data-aos="fade-left" data-aos-duration="500" data-aos-once="true">
<h4 class="wp-block-heading has-global-color-1-color has-text-color" style="text-transform:none">4. Nessun doppio servizio</h4>



<p>Sappiamo quanto sia estenuante il doppio dovere. Ecco perché cerchiamo di evitare il più possibile il doppio dovere al fine di consentire ai nostri dipendenti di raggiungere un buon equilibrio tra lavoro e vita. Tuttavia, le eccezioni sono note per confermare la regola e in rari casi può esserci un doppio dovere.</p>
</div>
</div>



<div class="wp-block-columns is-layout-flex wp-container-core-columns-is-layout-9d6595d7 wp-block-columns-is-layout-flex">
<div class="wp-block-column kachel has-global-color-6-background-color has-background is-layout-flow wp-block-column-is-layout-flow" data-aos="fade-right" data-aos-duration="500" data-aos-once="true">
<h4 class="wp-block-heading has-global-color-1-color has-text-color">5. Buone opportunità di formazione e perfezionamento</h4>



<p>Nel nostro servizio infermieristico ambulatoriale, offriamo una vasta gamma di ulteriori opportunità di formazione. Questi includono la formazione in cure palliative, un piano di formazione annuale e popolari corsi di primo soccorso con esercitazioni pratiche. Inoltre, offriamo anche corsi di formazione online che possono essere completati comodamente da casa.</p>
</div>



<div class="wp-block-column kachel has-global-color-6-background-color has-background is-layout-flow wp-block-column-is-layout-flow" data-aos="fade-left" data-aos-duration="500" data-aos-once="true">
<h4 class="wp-block-heading has-global-color-1-color has-text-color" style="text-transform:none">6. Abilità sociali elevate, cooperazione riconoscente e comunicazione aperta</h4>



<p>Ci concentriamo su una comunicazione aperta, elevate abilità sociali e cooperazione riconoscente. Attribuiamo grande importanza all&#8217;ascolto dei problemi e alla promozione di una comunicazione di apprezzamento in tutto il team.</p>
</div>
</div>



<div class="wp-block-columns is-layout-flex wp-container-core-columns-is-layout-9d6595d7 wp-block-columns-is-layout-flex">
<div class="wp-block-column kachel has-global-color-6-background-color has-background is-layout-flow wp-block-column-is-layout-flow" data-aos="fade-right" data-aos-duration="500" data-aos-once="true">
<h4 class="wp-block-heading has-global-color-1-color has-text-color">7. Forte spirito di squadra</h4>



<p>C&#8217;è un forte senso di solidarietà nel nostro team. Ad esempio, festeggiamo insieme l&#8217;addio di un collega di lunga data che va in pensione e ci sosteniamo a vicenda riempiendo o scambiando i turni. Ci prendiamo anche abbastanza tempo per una formazione approfondita per i nuovi dipendenti del team al fine di garantire un inizio senza intoppi.</p>
</div>



<div class="wp-block-column kachel has-global-color-6-background-color has-background is-layout-flow wp-block-column-is-layout-flow" data-aos="fade-left" data-aos-duration="500" data-aos-once="true">
<h4 class="wp-block-heading has-global-color-1-color has-text-color">8. Ci alleniamo!</h4>



<p>In collaborazione con le scuole partner, offriamo una formazione infermieristica generale ben fondata per diventare uno specialista infermieristico. I nostri istruttori pratici dedicati supportano i tirocinanti durante le fasi di formazione pratica e assicurano un supporto professionale sulla strada per il completamento con successo. Con noi hai l&#8217;opportunità di completare una solida formazione in un ambiente di supporto e orientato al lavoro di squadra.</p>
</div>
</div>
</div></div>

<div class="wp-block-group no-padding has-global-color-4-background-color has-background"><div class="wp-block-group__inner-container is-layout-constrained wp-block-group-is-layout-constrained">
<h2 class="wp-block-heading">Al momento abbiamo le seguenti posizioni aperte:</h2>



<div class="wp-block-query is-layout-flow wp-block-query-is-layout-flow">
<div class="wp-block-group has-global-color-6-background-color has-background"><div class="wp-block-group__inner-container is-layout-flow wp-block-group-is-layout-flow"><ul class="is-flex-container columns-2 wp-block-post-template is-layout-flow wp-block-post-template-is-layout-flow"><li class="wp-block-post post-3254 stellenangebote type-stellenangebote status-publish hentry infinite-scroll-item">
<h2 class="wp-block-post-title"><a href="https://www.bthuus.de/it/stellenangebote/specialista-infermieristico-m-f-d-2/" target="_self" >Specialista infermieristico (m/f/d)</a></h2>



<div class="wp-block-post-excerpt"><p class="wp-block-post-excerpt__excerpt">Saremmo lieti se fossi interessato a supportare il nostro fantastico team come specialista infermieristico (m/f/d). Candidati online, via e-mail o per telefono.</p><p class="wp-block-post-excerpt__more-text"><a class="wp-block-post-excerpt__more-link" href="https://www.bthuus.de/it/stellenangebote/specialista-infermieristico-m-f-d-2/">→ <strong>Scopri di più e fai domanda online</strong></a></p></div>
</li><li class="wp-block-post post-2998 stellenangebote type-stellenangebote status-publish hentry infinite-scroll-item">
<h2 class="wp-block-post-title"><a href="https://www.bthuus.de/it/stellenangebote/assistente-infermieristico-m-f-d-2/" target="_self" >Assistente infermieristico (m/f/d)</a></h2>



<div class="wp-block-post-excerpt"><p class="wp-block-post-excerpt__excerpt">Chi siamo Unser ambulantes Pflegeteam Bliev to Huus gibt es seit mittlerweile fast 30 Jahren in Kiel. In dieser Zeit haben wir bereits sehr viel wertvolle Erfahrungen im Umgang mit unseren Kunden – aber auch im Umgang untereinander im Team – sammeln können. Uns liegt sehr viel an einem verständnisvollen Umgang auf Augenhöhe und wir</p><p class="wp-block-post-excerpt__more-text"><a class="wp-block-post-excerpt__more-link" href="https://www.bthuus.de/it/stellenangebote/assistente-infermieristico-m-f-d-2/">→ <strong>Scopri di più e fai domanda online</strong></a></p></div>
</li><li class="wp-block-post post-2611 stellenangebote type-stellenangebote status-publish hentry infinite-scroll-item">
<h2 class="wp-block-post-title"><a href="https://www.bthuus.de/it/stellenangebote/assistente-infermieristico-m-f-d/" target="_self" >Assistente infermieristico (m/f/d)</a></h2>



<div class="wp-block-post-excerpt"><p class="wp-block-post-excerpt__excerpt">Chi siamo Il nostro team di assistenza ambulatoriale Bliev to Huus è a Kiel e Bredenbek da 28 anni. In questi 28 anni siamo già stati in grado di acquisire molta preziosa esperienza nel trattare con i nostri clienti, ma anche nei rapporti reciproci nel team. Comprendere il trattamento a livello degli occhi è molto</p><p class="wp-block-post-excerpt__more-text"><a class="wp-block-post-excerpt__more-link" href="https://www.bthuus.de/it/stellenangebote/assistente-infermieristico-m-f-d/">→ <strong>Scopri di più e fai domanda online</strong></a></p></div>
</li></ul></div></div>
</div>
</div></div>

<p>Bliev to Huus è alla ricerca di ottimi dipendenti! Hai una qualifica relativa all&#8217;argomento? Nessun problema. Siamo un team eterogeneo con molti background diversi. Non esitate a contattarci. Le cose più importanti in breve: 1. Pagamento tariffario Attribuiamo grande importanza alla remunerazione dei nostri dipendenti secondo il contratto collettivo di lavoro. 2. Auto ad uso &#8230; </p>
<p class="read-more-container"><a title="lavori" class="read-more button" href="https://www.bthuus.de/it/lavori/#more-1943" aria-label="Per saperne di più su lavori">Leggi tutto</a></p>
