{"id":1907,"date":"2022-11-04T14:44:17","date_gmt":"2022-11-04T13:44:17","guid":{"rendered":"https:\/\/www.bthuus.de\/i-nostri-servizi\/cura\/"},"modified":"2023-07-11T12:04:43","modified_gmt":"2023-07-11T10:04:43","slug":"cura","status":"publish","type":"page","link":"https:\/\/www.bthuus.de\/it\/i-nostri-servizi\/cura\/","title":{"rendered":"Cura"},"content":{"rendered":"\n<div class=\"wp-block-group has-global-color-6-background-color has-background\"><div class=\"wp-block-group__inner-container is-layout-constrained wp-block-group-is-layout-constrained\">\n<h2 class=\"wp-block-heading\">Offerte di cure generali<\/h2>\n\n\n\n<p>Dal 1\u00b0 gennaio 2015 tutte le persone assicurate bisognose di cure hanno <strong>diritto a prestazioni di assistenza e soccorso supplementari<\/strong> , che fino ad allora erano disponibili solo per gli assicurati con competenze quotidiane notevolmente limitate (demenza). Ora questi servizi possono essere utilizzati anche per <strong>servizi di soccorso (ad es. servizi domestici, servizi di trasporto, ecc.)<\/strong> oltre alle offerte di assistenza.<\/p>\n\n\n\n<p>Soprattutto quando si tratta di supporto, lo scambio tra i nostri dipendenti \u00e8 fondamentale. Le diverse e diverse qualifiche del nostro team sono evidenti.  <strong>Tutti i nostri dipendenti supervisori sono particolarmente qualificati per questo secondo \u00a745 SGB.<\/strong><\/p>\n\n\n\n<div class=\"wp-block-buttons is-layout-flex wp-block-buttons-is-layout-flex\">\n<div class=\"wp-block-button has-custom-width wp-block-button__width-100\"><a class=\"wp-block-button__link wp-element-button\" href=\"https:\/\/www.bthuus.de\/it\/chi-siamo\/\" style=\"border-radius:0px\">Ulteriori informazioni sulla squadra<\/a><\/div>\n<\/div>\n<\/div><\/div>\n\n<div style=\"height:50px\" aria-hidden=\"true\" class=\"wp-block-spacer no-mobile\"><\/div>\n\n<div class=\"wp-block-group has-global-color-6-background-color has-background\"><div class=\"wp-block-group__inner-container is-layout-constrained wp-block-group-is-layout-constrained\">\n<h2 class=\"wp-block-heading\">prendersi cura delle persone affette da demenza<\/h2>\n\n\n\n<p>In Germania, circa due persone affette da demenza su tre vivono attualmente nelle proprie quattro mura. Questo numero riflette il desiderio della maggior parte delle persone di rimanere nel proprio ambiente familiare in et\u00e0 avanzata.<\/p>\n\n\n\n<p>Pi\u00f9 la demenza progredisce, pi\u00f9 difficili diventano anche le attivit\u00e0 pi\u00f9 semplici. Gli errori accadono quando ci si veste, il bagno mattutino richiede pi\u00f9 tempo di prima e la strada per l&#8217;ufficio postale sembra un labirinto.<br\/>Aiutare le persone ad aiutare se stesse \u00e8 il nostro motto. Aiuta le persone affette da demenza a rimanere indipendenti pi\u00f9 a lungo.<br\/>I nostri assistenti appositamente formati guidano le persone che soffrono di demenza nella loro vita quotidiana.<\/p>\n\n\n\n<p>Le offerte di assistenza comprendono, ad esempio:<\/p>\n\n\n\n<ul class=\"wp-block-list\">\n<li>allenamento della memoria<\/li>\n\n\n\n<li>Giochi<\/li>\n\n\n\n<li>Lavori domestici comuni<\/li>\n\n\n\n<li>passeggiate<\/li>\n\n\n\n<li>Accompagnamento viaggi presso autorit\u00e0, medici, ecc.<\/li>\n<\/ul>\n<\/div><\/div>\n\n<div style=\"height:50px\" aria-hidden=\"true\" class=\"wp-block-spacer no-mobile\"><\/div>\n\n<div data-aos-delay=\"1000\" data-aos-duration=\"1500\" data-aos-once=\"true\" data-aos=\"fade-up\" class=\"wp-block-group has-global-color-6-background-color has-background\"><div class=\"wp-block-group__inner-container is-layout-constrained wp-block-group-is-layout-constrained\">\n<h2 class=\"wp-block-heading\">Siamo felici di aiutarti!<\/h2>\n\n\n\n<p>Dopo approfondite discussioni, elaboreremo con voi un <strong>concetto individuale<\/strong> , <strong>adattato in modo ottimale alle vostre esigenze<\/strong> .<\/p>\n\n\n\n<p>L&#8217; <strong>incontro personale per conoscersi<\/strong> \u00e8 insostituibile per quanto riguarda le cure ambulatoriali. Sentiti libero di organizzare una conversazione con noi!<\/p>\n\n\n\n<div class=\"wp-block-buttons is-layout-flex wp-block-buttons-is-layout-flex\">\n<div class=\"wp-block-button has-custom-width wp-block-button__width-100\"><a class=\"wp-block-button__link wp-element-button\" href=\"tel:04316473730\" style=\"border-radius:0px\" target=\"_blank\" rel=\"noreferrer noopener\">\u2192 Chiama<\/a><\/div>\n\n\n\n<div class=\"wp-block-button has-custom-width wp-block-button__width-100\"><a class=\"wp-block-button__link wp-element-button\" href=\"https:\/\/www.bthuus.de\/it\/contatto\/#formular\" style=\"border-radius:0px\">Modulo di contatto<\/a><\/div>\n\n\n\n<div class=\"wp-block-button has-custom-width wp-block-button__width-100\"><a class=\"wp-block-button__link wp-element-button\" href=\"mailto:info@bthuus.de\" style=\"border-radius:0px\" target=\"_blank\" rel=\"noreferrer noopener\">\u2192 Scrivi un&#8217;e-mail<\/a><\/div>\n<\/div>\n<\/div><\/div>\n","protected":false},"excerpt":{"rendered":"<p>Offerte di cure generali Dal 1\u00b0 gennaio 2015 tutte le persone assicurate bisognose di cure hanno diritto a prestazioni di assistenza e soccorso supplementari , che fino ad allora erano disponibili solo per gli assicurati con competenze quotidiane notevolmente limitate (demenza). Ora questi servizi possono essere utilizzati anche per servizi di soccorso (ad es. servizi &#8230; <\/p>\n<p class=\"read-more-container\"><a title=\"Cura\" class=\"read-more button\" href=\"https:\/\/www.bthuus.de\/it\/i-nostri-servizi\/cura\/#more-1907\" aria-label=\"Per saperne di pi\u00f9 su Cura\">Leggi tutto<\/a><\/p>\n","protected":false},"author":1,"featured_media":0,"parent":1822,"menu_order":0,"comment_status":"closed","ping_status":"closed","template":"","meta":{"iawp_total_views":0,"footnotes":""},"class_list":{"0":"post-1907","1":"page","2":"type-page","3":"status-publish","5":"infinite-scroll-item"},"jetpack_sharing_enabled":true,"_links":{"self":[{"href":"https:\/\/www.bthuus.de\/it\/wp-json\/wp\/v2\/pages\/1907","targetHints":{"allow":["GET"]}}],"collection":[{"href":"https:\/\/www.bthuus.de\/it\/wp-json\/wp\/v2\/pages"}],"about":[{"href":"https:\/\/www.bthuus.de\/it\/wp-json\/wp\/v2\/types\/page"}],"author":[{"embeddable":true,"href":"https:\/\/www.bthuus.de\/it\/wp-json\/wp\/v2\/users\/1"}],"replies":[{"embeddable":true,"href":"https:\/\/www.bthuus.de\/it\/wp-json\/wp\/v2\/comments?post=1907"}],"version-history":[{"count":0,"href":"https:\/\/www.bthuus.de\/it\/wp-json\/wp\/v2\/pages\/1907\/revisions"}],"up":[{"embeddable":true,"href":"https:\/\/www.bthuus.de\/it\/wp-json\/wp\/v2\/pages\/1822"}],"wp:attachment":[{"href":"https:\/\/www.bthuus.de\/it\/wp-json\/wp\/v2\/media?parent=1907"}],"curies":[{"name":"wp","href":"https:\/\/api.w.org\/{rel}","templated":true}]}}

<div class="wp-block-group has-global-color-6-background-color has-background"><div class="wp-block-group__inner-container is-layout-constrained wp-block-group-is-layout-constrained">
<h2 class="wp-block-heading">Offerte di cure generali</h2>



<p>Dal 1° gennaio 2015 tutte le persone assicurate bisognose di cure hanno <strong>diritto a prestazioni di assistenza e soccorso supplementari</strong> , che fino ad allora erano disponibili solo per gli assicurati con competenze quotidiane notevolmente limitate (demenza). Ora questi servizi possono essere utilizzati anche per <strong>servizi di soccorso (ad es. servizi domestici, servizi di trasporto, ecc.)</strong> oltre alle offerte di assistenza.</p>



<p>Soprattutto quando si tratta di supporto, lo scambio tra i nostri dipendenti è fondamentale. Le diverse e diverse qualifiche del nostro team sono evidenti.  <strong>Tutti i nostri dipendenti supervisori sono particolarmente qualificati per questo secondo §45 SGB.</strong></p>



<div class="wp-block-buttons is-layout-flex wp-block-buttons-is-layout-flex">
<div class="wp-block-button has-custom-width wp-block-button__width-100"><a class="wp-block-button__link wp-element-button" href="https://www.bthuus.de/it/chi-siamo/" style="border-radius:0px">Ulteriori informazioni sulla squadra</a></div>
</div>
</div></div>

<div style="height:50px" aria-hidden="true" class="wp-block-spacer no-mobile"></div>

<div class="wp-block-group has-global-color-6-background-color has-background"><div class="wp-block-group__inner-container is-layout-constrained wp-block-group-is-layout-constrained">
<h2 class="wp-block-heading">prendersi cura delle persone affette da demenza</h2>



<p>In Germania, circa due persone affette da demenza su tre vivono attualmente nelle proprie quattro mura. Questo numero riflette il desiderio della maggior parte delle persone di rimanere nel proprio ambiente familiare in età avanzata.</p>



<p>Più la demenza progredisce, più difficili diventano anche le attività più semplici. Gli errori accadono quando ci si veste, il bagno mattutino richiede più tempo di prima e la strada per l&#8217;ufficio postale sembra un labirinto.<br/>Aiutare le persone ad aiutare se stesse è il nostro motto. Aiuta le persone affette da demenza a rimanere indipendenti più a lungo.<br/>I nostri assistenti appositamente formati guidano le persone che soffrono di demenza nella loro vita quotidiana.</p>



<p>Le offerte di assistenza comprendono, ad esempio:</p>



<ul class="wp-block-list">
<li>allenamento della memoria</li>



<li>Giochi</li>



<li>Lavori domestici comuni</li>



<li>passeggiate</li>



<li>Accompagnamento viaggi presso autorità, medici, ecc.</li>
</ul>
</div></div>

<div style="height:50px" aria-hidden="true" class="wp-block-spacer no-mobile"></div>

<div data-aos-delay="1000" data-aos-duration="1500" data-aos-once="true" data-aos="fade-up" class="wp-block-group has-global-color-6-background-color has-background"><div class="wp-block-group__inner-container is-layout-constrained wp-block-group-is-layout-constrained">
<h2 class="wp-block-heading">Siamo felici di aiutarti!</h2>



<p>Dopo approfondite discussioni, elaboreremo con voi un <strong>concetto individuale</strong> , <strong>adattato in modo ottimale alle vostre esigenze</strong> .</p>



<p>L&#8217; <strong>incontro personale per conoscersi</strong> è insostituibile per quanto riguarda le cure ambulatoriali. Sentiti libero di organizzare una conversazione con noi!</p>



<div class="wp-block-buttons is-layout-flex wp-block-buttons-is-layout-flex">
<div class="wp-block-button has-custom-width wp-block-button__width-100"><a class="wp-block-button__link wp-element-button" href="tel:04316473730" style="border-radius:0px" target="_blank" rel="noreferrer noopener">→ Chiama</a></div>



<div class="wp-block-button has-custom-width wp-block-button__width-100"><a class="wp-block-button__link wp-element-button" href="https://www.bthuus.de/it/contatto/#formular" style="border-radius:0px">Modulo di contatto</a></div>



<div class="wp-block-button has-custom-width wp-block-button__width-100"><a class="wp-block-button__link wp-element-button" href="mailto:info@bthuus.de" style="border-radius:0px" target="_blank" rel="noreferrer noopener">→ Scrivi un&#8217;e-mail</a></div>
</div>
</div></div>

<p>Offerte di cure generali Dal 1° gennaio 2015 tutte le persone assicurate bisognose di cure hanno diritto a prestazioni di assistenza e soccorso supplementari , che fino ad allora erano disponibili solo per gli assicurati con competenze quotidiane notevolmente limitate (demenza). Ora questi servizi possono essere utilizzati anche per servizi di soccorso (ad es. servizi &#8230; </p>
<p class="read-more-container"><a title="Cura" class="read-more button" href="https://www.bthuus.de/it/i-nostri-servizi/cura/#more-1907" aria-label="Per saperne di più su Cura">Leggi tutto</a></p>
