{"id":2120,"date":"2023-01-08T17:01:32","date_gmt":"2023-01-08T16:01:32","guid":{"rendered":"https:\/\/www.bthuus.de\/cuidados-paliativos\/"},"modified":"2023-07-11T12:05:58","modified_gmt":"2023-07-11T10:05:58","slug":"cuidados-paliativos","status":"publish","type":"page","link":"https:\/\/www.bthuus.de\/es\/nuestros-servicios\/cuidados-paliativos\/","title":{"rendered":"Cuidados paliativos"},"content":{"rendered":"\n<div class=\"wp-block-group has-global-color-6-background-color has-background\"><div class=\"wp-block-group__inner-container is-layout-constrained wp-block-group-is-layout-constrained\">\n<h2 class=\"wp-block-heading\">puedes hablar de la muerte<\/h2>\n\n\n\n<p>Nuestro nombre &#8220;Bliev to Huus&#8221; significa &#8220;quedarse en casa&#8221;.  <strong>Desde 1994, una de las preocupaciones m\u00e1s importantes de nuestro equipo ha sido acompa\u00f1arte a ti o a los tuyos cuando fallecen en un entorno familiar.<\/strong>  Por supuesto, estamos bien y ampliamente capacitados para esto.<\/p>\n\n\n\n<p>Por favor cont\u00e1ctenos. Entonces te asesoraremos personalmente y te hablaremos de todas las posibilidades de morir dignamente en casa.<\/p>\n\n\n\n<p>Michael Burkel (gerente del servicio de enfermer\u00eda)<\/p>\n\n\n\n<div class=\"wp-block-buttons is-layout-flex wp-block-buttons-is-layout-flex\">\n<div class=\"wp-block-button has-custom-width wp-block-button__width-100\"><a class=\"wp-block-button__link wp-element-button\" href=\"https:\/\/www.bthuus.de\/es\/cuidados-paliativos-ambulatorios-generales-aapv\/\" style=\"border-radius:0px\">Cuidados Paliativos Ambulatorios Generales (AAPV)<\/a><\/div>\n\n\n\n<div class=\"wp-block-button has-custom-width wp-block-button__width-100\"><a class=\"wp-block-button__link wp-element-button\" href=\"https:\/\/www.bthuus.de\/es\/cuidados-paliativos-ambulatorios-especializados-sapv\/\" style=\"border-radius:0px\">Cuidados paliativos ambulatorios especializados (SAPV)<\/a><\/div>\n<\/div>\n<\/div><\/div>\n\n<div style=\"height:50px\" aria-hidden=\"true\" class=\"wp-block-spacer no-mobile\"><\/div>\n\n<div class=\"wp-block-group has-global-color-6-background-color has-background\"><div class=\"wp-block-group__inner-container is-layout-constrained wp-block-group-is-layout-constrained\">\n<h2 class=\"wp-block-heading\">Cuidados paliativos: \u00bfqu\u00e9 es?<\/h2>\n\n\n\n<p>La palabra &#8220;paliativo&#8221; se deriva del lat\u00edn &#8220;palliare&#8221;, que significa &#8220;encajar&#8221; o &#8220;cubrir&#8221;. Paliativo proviene del lat\u00edn y significa &#8220;calmante&#8221;. Este t\u00e9rmino se refiere a <strong>los esfuerzos para mejorar la calidad de vida de los pacientes con enfermedades incurables y una esperanza de vida limitada<\/strong> . En el contexto de los cuidados paliativos, no solo se tienen en cuenta las molestias f\u00edsicas, sino tambi\u00e9n <strong>el estr\u00e9s psicosocial<\/strong> y <strong>las necesidades espirituales<\/strong> . Adem\u00e1s, el entorno personal del paciente est\u00e1 incluido en el cuidado. Los objetivos de los cuidados paliativos son aliviar los factores estresantes y permitir que el paciente <strong>viva y muera con la mayor independencia posible en un entorno familiar<\/strong> .<\/p>\n\n\n\n<p>Una caracter\u00edstica importante de los cuidados paliativos en contraste con la atenci\u00f3n ambulatoria convencional es la <strong>cooperaci\u00f3n particularmente estrecha del personal de enfermer\u00eda especialmente calificado con, p. B. familiares, m\u00e9dicos o psic\u00f3logos<\/strong> .<\/p>\n\n\n\n<p>Como servicio de atenci\u00f3n ambulatoria en Kiel que se especializa en cuidados paliativos ambulatorios generales y especializados, podemos desempe\u00f1ar un papel importante en la atenci\u00f3n de pacientes con una enfermedad progresiva e incurable y ayudarlos a permanecer en su hogar el mayor tiempo posible. entorno familiar familiar.<\/p>\n<\/div><\/div>\n\n<div style=\"height:25px\" aria-hidden=\"true\" class=\"wp-block-spacer\"><\/div>\n\n<div data-aos-delay=\"1000\" data-aos-duration=\"1500\" data-aos-once=\"true\" data-aos=\"fade-up\" class=\"wp-block-group has-global-color-6-background-color has-background\"><div class=\"wp-block-group__inner-container is-layout-constrained wp-block-group-is-layout-constrained\">\n<h2 class=\"wp-block-heading\">Estamos encantados de ayudarle!<\/h2>\n\n\n\n<p>Despu\u00e9s de extensas discusiones, elaboraremos un <strong>concepto individual<\/strong> con usted, que se <strong>adapte de manera \u00f3ptima a sus necesidades<\/strong> .<\/p>\n\n\n\n<p>El <strong>encuentro personal para conocerse<\/strong> es insustituible en lo que respecta a la atenci\u00f3n ambulatoria. \u00a1No dude en concertar una conversaci\u00f3n con nosotros!<\/p>\n\n\n\n<div class=\"wp-block-buttons is-layout-flex wp-block-buttons-is-layout-flex\">\n<div class=\"wp-block-button has-custom-width wp-block-button__width-100\"><a class=\"wp-block-button__link wp-element-button\" href=\"04316473730\" style=\"border-radius:0px\" target=\"_blank\" rel=\"noreferrer noopener\">\u2192 Llamar<\/a><\/div>\n\n\n\n<div class=\"wp-block-button has-custom-width wp-block-button__width-100\"><a class=\"wp-block-button__link wp-element-button\" href=\"https:\/\/www.bthuus.de\/es\/contacto\/#formular\" style=\"border-radius:0px\">Formulario de contacto<\/a><\/div>\n\n\n\n<div class=\"wp-block-button has-custom-width wp-block-button__width-100\"><a class=\"wp-block-button__link wp-element-button\" href=\"mailto:info@bthuus.de\" style=\"border-radius:0px\" target=\"_blank\" rel=\"noreferrer noopener\">\u2192 Escribe un correo electr\u00f3nico<\/a><\/div>\n<\/div>\n<\/div><\/div>\n","protected":false},"excerpt":{"rendered":"<p>puedes hablar de la muerte Nuestro nombre &#8220;Bliev to Huus&#8221; significa &#8220;quedarse en casa&#8221;. Desde 1994, una de las preocupaciones m\u00e1s importantes de nuestro equipo ha sido acompa\u00f1arte a ti o a los tuyos cuando fallecen en un entorno familiar. Por supuesto, estamos bien y ampliamente capacitados para esto. Por favor cont\u00e1ctenos. Entonces te asesoraremos &#8230; <\/p>\n<p class=\"read-more-container\"><a title=\"Cuidados paliativos\" class=\"read-more button\" href=\"https:\/\/www.bthuus.de\/es\/nuestros-servicios\/cuidados-paliativos\/#more-2120\" aria-label=\"Leer m\u00e1s sobre Cuidados paliativos\">Leer m\u00e1s<\/a><\/p>\n","protected":false},"author":1,"featured_media":0,"parent":2188,"menu_order":0,"comment_status":"closed","ping_status":"closed","template":"","meta":{"iawp_total_views":3,"footnotes":""},"class_list":{"0":"post-2120","1":"page","2":"type-page","3":"status-publish","5":"infinite-scroll-item"},"jetpack_sharing_enabled":true,"_links":{"self":[{"href":"https:\/\/www.bthuus.de\/es\/wp-json\/wp\/v2\/pages\/2120","targetHints":{"allow":["GET"]}}],"collection":[{"href":"https:\/\/www.bthuus.de\/es\/wp-json\/wp\/v2\/pages"}],"about":[{"href":"https:\/\/www.bthuus.de\/es\/wp-json\/wp\/v2\/types\/page"}],"author":[{"embeddable":true,"href":"https:\/\/www.bthuus.de\/es\/wp-json\/wp\/v2\/users\/1"}],"replies":[{"embeddable":true,"href":"https:\/\/www.bthuus.de\/es\/wp-json\/wp\/v2\/comments?post=2120"}],"version-history":[{"count":0,"href":"https:\/\/www.bthuus.de\/es\/wp-json\/wp\/v2\/pages\/2120\/revisions"}],"up":[{"embeddable":true,"href":"https:\/\/www.bthuus.de\/es\/wp-json\/wp\/v2\/pages\/2188"}],"wp:attachment":[{"href":"https:\/\/www.bthuus.de\/es\/wp-json\/wp\/v2\/media?parent=2120"}],"curies":[{"name":"wp","href":"https:\/\/api.w.org\/{rel}","templated":true}]}}

<div class="wp-block-group has-global-color-6-background-color has-background"><div class="wp-block-group__inner-container is-layout-constrained wp-block-group-is-layout-constrained">
<h2 class="wp-block-heading">puedes hablar de la muerte</h2>



<p>Nuestro nombre &#8220;Bliev to Huus&#8221; significa &#8220;quedarse en casa&#8221;.  <strong>Desde 1994, una de las preocupaciones más importantes de nuestro equipo ha sido acompañarte a ti o a los tuyos cuando fallecen en un entorno familiar.</strong>  Por supuesto, estamos bien y ampliamente capacitados para esto.</p>



<p>Por favor contáctenos. Entonces te asesoraremos personalmente y te hablaremos de todas las posibilidades de morir dignamente en casa.</p>



<p>Michael Burkel (gerente del servicio de enfermería)</p>



<div class="wp-block-buttons is-layout-flex wp-block-buttons-is-layout-flex">
<div class="wp-block-button has-custom-width wp-block-button__width-100"><a class="wp-block-button__link wp-element-button" href="https://www.bthuus.de/es/cuidados-paliativos-ambulatorios-generales-aapv/" style="border-radius:0px">Cuidados Paliativos Ambulatorios Generales (AAPV)</a></div>



<div class="wp-block-button has-custom-width wp-block-button__width-100"><a class="wp-block-button__link wp-element-button" href="https://www.bthuus.de/es/cuidados-paliativos-ambulatorios-especializados-sapv/" style="border-radius:0px">Cuidados paliativos ambulatorios especializados (SAPV)</a></div>
</div>
</div></div>

<div style="height:50px" aria-hidden="true" class="wp-block-spacer no-mobile"></div>

<div class="wp-block-group has-global-color-6-background-color has-background"><div class="wp-block-group__inner-container is-layout-constrained wp-block-group-is-layout-constrained">
<h2 class="wp-block-heading">Cuidados paliativos: ¿qué es?</h2>



<p>La palabra &#8220;paliativo&#8221; se deriva del latín &#8220;palliare&#8221;, que significa &#8220;encajar&#8221; o &#8220;cubrir&#8221;. Paliativo proviene del latín y significa &#8220;calmante&#8221;. Este término se refiere a <strong>los esfuerzos para mejorar la calidad de vida de los pacientes con enfermedades incurables y una esperanza de vida limitada</strong> . En el contexto de los cuidados paliativos, no solo se tienen en cuenta las molestias físicas, sino también <strong>el estrés psicosocial</strong> y <strong>las necesidades espirituales</strong> . Además, el entorno personal del paciente está incluido en el cuidado. Los objetivos de los cuidados paliativos son aliviar los factores estresantes y permitir que el paciente <strong>viva y muera con la mayor independencia posible en un entorno familiar</strong> .</p>



<p>Una característica importante de los cuidados paliativos en contraste con la atención ambulatoria convencional es la <strong>cooperación particularmente estrecha del personal de enfermería especialmente calificado con, p. B. familiares, médicos o psicólogos</strong> .</p>



<p>Como servicio de atención ambulatoria en Kiel que se especializa en cuidados paliativos ambulatorios generales y especializados, podemos desempeñar un papel importante en la atención de pacientes con una enfermedad progresiva e incurable y ayudarlos a permanecer en su hogar el mayor tiempo posible. entorno familiar familiar.</p>
</div></div>

<div style="height:25px" aria-hidden="true" class="wp-block-spacer"></div>

<div data-aos-delay="1000" data-aos-duration="1500" data-aos-once="true" data-aos="fade-up" class="wp-block-group has-global-color-6-background-color has-background"><div class="wp-block-group__inner-container is-layout-constrained wp-block-group-is-layout-constrained">
<h2 class="wp-block-heading">Estamos encantados de ayudarle!</h2>



<p>Después de extensas discusiones, elaboraremos un <strong>concepto individual</strong> con usted, que se <strong>adapte de manera óptima a sus necesidades</strong> .</p>



<p>El <strong>encuentro personal para conocerse</strong> es insustituible en lo que respecta a la atención ambulatoria. ¡No dude en concertar una conversación con nosotros!</p>



<div class="wp-block-buttons is-layout-flex wp-block-buttons-is-layout-flex">
<div class="wp-block-button has-custom-width wp-block-button__width-100"><a class="wp-block-button__link wp-element-button" href="04316473730" style="border-radius:0px" target="_blank" rel="noreferrer noopener">→ Llamar</a></div>



<div class="wp-block-button has-custom-width wp-block-button__width-100"><a class="wp-block-button__link wp-element-button" href="https://www.bthuus.de/es/contacto/#formular" style="border-radius:0px">Formulario de contacto</a></div>



<div class="wp-block-button has-custom-width wp-block-button__width-100"><a class="wp-block-button__link wp-element-button" href="mailto:info@bthuus.de" style="border-radius:0px" target="_blank" rel="noreferrer noopener">→ Escribe un correo electrónico</a></div>
</div>
</div></div>

<p>puedes hablar de la muerte Nuestro nombre &#8220;Bliev to Huus&#8221; significa &#8220;quedarse en casa&#8221;. Desde 1994, una de las preocupaciones más importantes de nuestro equipo ha sido acompañarte a ti o a los tuyos cuando fallecen en un entorno familiar. Por supuesto, estamos bien y ampliamente capacitados para esto. Por favor contáctenos. Entonces te asesoraremos &#8230; </p>
<p class="read-more-container"><a title="Cuidados paliativos" class="read-more button" href="https://www.bthuus.de/es/nuestros-servicios/cuidados-paliativos/#more-2120" aria-label="Leer más sobre Cuidados paliativos">Leer más</a></p>
